{"id":946,"date":"2014-09-04T00:09:50","date_gmt":"2014-09-03T22:09:50","guid":{"rendered":"http:\/\/new.prouvy.be\/?page_id=946"},"modified":"2014-09-04T00:09:50","modified_gmt":"2014-09-03T22:09:50","slug":"saint-nicolas-2005","status":"publish","type":"page","link":"https:\/\/www.prouvy.be\/?page_id=946","title":{"rendered":"Saint-Nicolas 2005"},"content":{"rendered":"<div id=\"fb-root\"><\/div>\n<p style=\"color: #000000;\">Une nouvelle fois, Saint Nicolas est venu rendre visite aux enfants de notre village le dimanche 27 novembre\u00a02005.<\/p>\n<p style=\"color: #000000;\">Un d\u00e9placement en attelage avait \u00e9t\u00e9 pr\u00e9vu, mais malheureusement une couche de neige un peu trop \u00e9paisse a emp\u00each\u00e9 le Grand Saint d\u2019utiliser ce moyen de locomotion.<\/p>\n<p style=\"color: #000000;\">Avec l\u2019aide du P\u00e8re Fouettard, le Saint Patron des enfants sages a donc d\u00e9cid\u00e9 de venir \u00e0 pied.<\/p>\n<p style=\"color: #000000;\">Apr\u00e8s une br\u00e8ve pr\u00e9sentation par le Pr\u00e9sident, la traditionnelle photo de groupe a \u00e9t\u00e9 prise. Ensuite le clown Popette nous a fait entrer dans une histoire merveilleuse de reines et de pirates o\u00f9 les r\u00f4les \u00e9taient tenus par les enfants.<\/p>\n<p style=\"color: #000000;\">Tout le monde a pu participer, et on a vraiment bien rigol\u00e9.<\/p>\n<p style=\"color: #000000;\">Apr\u00e8s une belle vol\u00e9e d\u2019applaudissements Saint-Nicolas a proc\u00e9d\u00e9 \u00e0 la distribution des friandises et des jouets.<\/p>\n<p style=\"color: #000000;\">De l\u2019avis g\u00e9n\u00e9ral, ce fut un apr\u00e8s-midi tr\u00e8s r\u00e9ussi.<\/p>\n<p style=\"color: #000000;\">Vivement l\u2019ann\u00e9e prochaine !<\/p>\n<p style=\"color: #000000;\">Merci Saint Nicolas.<\/p>\n<p><!-- index.php -->\n<div\n\tclass=\"ngg-galleryoverview\n\t ngg-ajax-pagination-none\t\"\n\tid=\"ngg-gallery-eb9488a67bba44eb2a32f296b72d2b1c-1\">\n\n\t\t<div class=\"slideshowlink\">\n\t\t<a href='https:\/\/www.prouvy.be\/index.php\/nggallery\/slideshow?page_id=946'>[Show slideshow]<\/a>\n\n\t<\/div>\n\t\t\t<!-- Thumbnails -->\n\t\t\t\t<div id=\"ngg-image-0\" class=\"ngg-gallery-thumbnail-box\"\n\t\t\t\t\t\t\t\t\t\t\t>\n\t\t\t\t\t\t<div class=\"ngg-gallery-thumbnail\">\n\t\t\t<a href=\"https:\/\/www.prouvy.be\/wp-content\/gallery\/saint-nicolas-2005\/StNicolas_2005_11.jpg\"\n\t\t\t\ttitle=\" \"\n\t\t\t\tdata-src=\"https:\/\/www.prouvy.be\/wp-content\/gallery\/saint-nicolas-2005\/StNicolas_2005_11.jpg\"\n\t\t\t\tdata-thumbnail=\"https:\/\/www.prouvy.be\/wp-content\/gallery\/saint-nicolas-2005\/thumbs\/thumbs_StNicolas_2005_11.jpg\"\n\t\t\t\tdata-image-id=\"262\"\n\t\t\t\tdata-title=\"StNicolas_2005_11\"\n\t\t\t\tdata-description=\" \"\n\t\t\t\tdata-image-slug=\"stnicolas_2005_11\"\n\t\t\t\tclass=\"ngg-fancybox\" rel=\"eb9488a67bba44eb2a32f296b72d2b1c\">\n\t\t\t\t<img\n\t\t\t\t\ttitle=\"StNicolas_2005_11\"\n\t\t\t\t\talt=\"StNicolas_2005_11\"\n\t\t\t\t\tsrc=\"https:\/\/www.prouvy.be\/wp-content\/gallery\/saint-nicolas-2005\/thumbs\/thumbs_StNicolas_2005_11.jpg\"\n\t\t\t\t\twidth=\"120\"\n\t\t\t\t\theight=\"90\"\n\t\t\t\t\tstyle=\"max-width:100%;\"\n\t\t\t\t\/>\n\t\t\t<\/a>\n\t\t<\/div>\n\t\t\t\t\t\t\t<\/div>\n\t\t\t\n\t\t\n\t\t\t\t<div id=\"ngg-image-1\" class=\"ngg-gallery-thumbnail-box\"\n\t\t\t\t\t\t\t\t\t\t\t>\n\t\t\t\t\t\t<div class=\"ngg-gallery-thumbnail\">\n\t\t\t<a href=\"https:\/\/www.prouvy.be\/wp-content\/gallery\/saint-nicolas-2005\/StNicolas_2005_25.jpg\"\n\t\t\t\ttitle=\" \"\n\t\t\t\tdata-src=\"https:\/\/www.prouvy.be\/wp-content\/gallery\/saint-nicolas-2005\/StNicolas_2005_25.jpg\"\n\t\t\t\tdata-thumbnail=\"https:\/\/www.prouvy.be\/wp-content\/gallery\/saint-nicolas-2005\/thumbs\/thumbs_StNicolas_2005_25.jpg\"\n\t\t\t\tdata-image-id=\"276\"\n\t\t\t\tdata-title=\"StNicolas_2005_25\"\n\t\t\t\tdata-description=\" \"\n\t\t\t\tdata-image-slug=\"stnicolas_2005_25\"\n\t\t\t\tclass=\"ngg-fancybox\" rel=\"eb9488a67bba44eb2a32f296b72d2b1c\">\n\t\t\t\t<img\n\t\t\t\t\ttitle=\"StNicolas_2005_25\"\n\t\t\t\t\talt=\"StNicolas_2005_25\"\n\t\t\t\t\tsrc=\"https:\/\/www.prouvy.be\/wp-content\/gallery\/saint-nicolas-2005\/thumbs\/thumbs_StNicolas_2005_25.jpg\"\n\t\t\t\t\twidth=\"120\"\n\t\t\t\t\theight=\"90\"\n\t\t\t\t\tstyle=\"max-width:100%;\"\n\t\t\t\t\/>\n\t\t\t<\/a>\n\t\t<\/div>\n\t\t\t\t\t\t\t<\/div>\n\t\t\t\n\t\t\n\t\t\t\t<div id=\"ngg-image-2\" class=\"ngg-gallery-thumbnail-box\"\n\t\t\t\t\t\t\t\t\t\t\t>\n\t\t\t\t\t\t<div class=\"ngg-gallery-thumbnail\">\n\t\t\t<a href=\"https:\/\/www.prouvy.be\/wp-content\/gallery\/saint-nicolas-2005\/StNicolas_2005_20.jpg\"\n\t\t\t\ttitle=\" \"\n\t\t\t\tdata-src=\"https:\/\/www.prouvy.be\/wp-content\/gallery\/saint-nicolas-2005\/StNicolas_2005_20.jpg\"\n\t\t\t\tdata-thumbnail=\"https:\/\/www.prouvy.be\/wp-content\/gallery\/saint-nicolas-2005\/thumbs\/thumbs_StNicolas_2005_20.jpg\"\n\t\t\t\tdata-image-id=\"271\"\n\t\t\t\tdata-title=\"StNicolas_2005_20\"\n\t\t\t\tdata-description=\" \"\n\t\t\t\tdata-image-slug=\"stnicolas_2005_20\"\n\t\t\t\tclass=\"ngg-fancybox\" rel=\"eb9488a67bba44eb2a32f296b72d2b1c\">\n\t\t\t\t<img\n\t\t\t\t\ttitle=\"StNicolas_2005_20\"\n\t\t\t\t\talt=\"StNicolas_2005_20\"\n\t\t\t\t\tsrc=\"https:\/\/www.prouvy.be\/wp-content\/gallery\/saint-nicolas-2005\/thumbs\/thumbs_StNicolas_2005_20.jpg\"\n\t\t\t\t\twidth=\"120\"\n\t\t\t\t\theight=\"90\"\n\t\t\t\t\tstyle=\"max-width:100%;\"\n\t\t\t\t\/>\n\t\t\t<\/a>\n\t\t<\/div>\n\t\t\t\t\t\t\t<\/div>\n\t\t\t\n\t\t\n\t\t\t\t<div id=\"ngg-image-3\" class=\"ngg-gallery-thumbnail-box\"\n\t\t\t\t\t\t\t\t\t\t\t>\n\t\t\t\t\t\t<div class=\"ngg-gallery-thumbnail\">\n\t\t\t<a href=\"https:\/\/www.prouvy.be\/wp-content\/gallery\/saint-nicolas-2005\/StNicolas_2005_19.jpg\"\n\t\t\t\ttitle=\" \"\n\t\t\t\tdata-src=\"https:\/\/www.prouvy.be\/wp-content\/gallery\/saint-nicolas-2005\/StNicolas_2005_19.jpg\"\n\t\t\t\tdata-thumbnail=\"https:\/\/www.prouvy.be\/wp-content\/gallery\/saint-nicolas-2005\/thumbs\/thumbs_StNicolas_2005_19.jpg\"\n\t\t\t\tdata-image-id=\"270\"\n\t\t\t\tdata-title=\"StNicolas_2005_19\"\n\t\t\t\tdata-description=\" \"\n\t\t\t\tdata-image-slug=\"stnicolas_2005_19\"\n\t\t\t\tclass=\"ngg-fancybox\" rel=\"eb9488a67bba44eb2a32f296b72d2b1c\">\n\t\t\t\t<img\n\t\t\t\t\ttitle=\"StNicolas_2005_19\"\n\t\t\t\t\talt=\"StNicolas_2005_19\"\n\t\t\t\t\tsrc=\"https:\/\/www.prouvy.be\/wp-content\/gallery\/saint-nicolas-2005\/thumbs\/thumbs_StNicolas_2005_19.jpg\"\n\t\t\t\t\twidth=\"120\"\n\t\t\t\t\theight=\"90\"\n\t\t\t\t\tstyle=\"max-width:100%;\"\n\t\t\t\t\/>\n\t\t\t<\/a>\n\t\t<\/div>\n\t\t\t\t\t\t\t<\/div>\n\t\t\t\n\t\t\n\t\t\t\t<div id=\"ngg-image-4\" class=\"ngg-gallery-thumbnail-box\"\n\t\t\t\t\t\t\t\t\t\t\t>\n\t\t\t\t\t\t<div class=\"ngg-gallery-thumbnail\">\n\t\t\t<a href=\"https:\/\/www.prouvy.be\/wp-content\/gallery\/saint-nicolas-2005\/StNicolas_2005_18.jpg\"\n\t\t\t\ttitle=\" \"\n\t\t\t\tdata-src=\"https:\/\/www.prouvy.be\/wp-content\/gallery\/saint-nicolas-2005\/StNicolas_2005_18.jpg\"\n\t\t\t\tdata-thumbnail=\"https:\/\/www.prouvy.be\/wp-content\/gallery\/saint-nicolas-2005\/thumbs\/thumbs_StNicolas_2005_18.jpg\"\n\t\t\t\tdata-image-id=\"269\"\n\t\t\t\tdata-title=\"StNicolas_2005_18\"\n\t\t\t\tdata-description=\" \"\n\t\t\t\tdata-image-slug=\"stnicolas_2005_18\"\n\t\t\t\tclass=\"ngg-fancybox\" rel=\"eb9488a67bba44eb2a32f296b72d2b1c\">\n\t\t\t\t<img\n\t\t\t\t\ttitle=\"StNicolas_2005_18\"\n\t\t\t\t\talt=\"StNicolas_2005_18\"\n\t\t\t\t\tsrc=\"https:\/\/www.prouvy.be\/wp-content\/gallery\/saint-nicolas-2005\/thumbs\/thumbs_StNicolas_2005_18.jpg\"\n\t\t\t\t\twidth=\"120\"\n\t\t\t\t\theight=\"90\"\n\t\t\t\t\tstyle=\"max-width:100%;\"\n\t\t\t\t\/>\n\t\t\t<\/a>\n\t\t<\/div>\n\t\t\t\t\t\t\t<\/div>\n\t\t\t\n\t\t\n\t\t\t\t<div id=\"ngg-image-5\" class=\"ngg-gallery-thumbnail-box\"\n\t\t\t\t\t\t\t\t\t\t\t>\n\t\t\t\t\t\t<div class=\"ngg-gallery-thumbnail\">\n\t\t\t<a href=\"https:\/\/www.prouvy.be\/wp-content\/gallery\/saint-nicolas-2005\/StNicolas_2005_17.jpg\"\n\t\t\t\ttitle=\" \"\n\t\t\t\tdata-src=\"https:\/\/www.prouvy.be\/wp-content\/gallery\/saint-nicolas-2005\/StNicolas_2005_17.jpg\"\n\t\t\t\tdata-thumbnail=\"https:\/\/www.prouvy.be\/wp-content\/gallery\/saint-nicolas-2005\/thumbs\/thumbs_StNicolas_2005_17.jpg\"\n\t\t\t\tdata-image-id=\"268\"\n\t\t\t\tdata-title=\"StNicolas_2005_17\"\n\t\t\t\tdata-description=\" \"\n\t\t\t\tdata-image-slug=\"stnicolas_2005_17\"\n\t\t\t\tclass=\"ngg-fancybox\" rel=\"eb9488a67bba44eb2a32f296b72d2b1c\">\n\t\t\t\t<img\n\t\t\t\t\ttitle=\"StNicolas_2005_17\"\n\t\t\t\t\talt=\"StNicolas_2005_17\"\n\t\t\t\t\tsrc=\"https:\/\/www.prouvy.be\/wp-content\/gallery\/saint-nicolas-2005\/thumbs\/thumbs_StNicolas_2005_17.jpg\"\n\t\t\t\t\twidth=\"120\"\n\t\t\t\t\theight=\"90\"\n\t\t\t\t\tstyle=\"max-width:100%;\"\n\t\t\t\t\/>\n\t\t\t<\/a>\n\t\t<\/div>\n\t\t\t\t\t\t\t<\/div>\n\t\t\t\n\t\t\n\t\t\t\t<div id=\"ngg-image-6\" class=\"ngg-gallery-thumbnail-box\"\n\t\t\t\t\t\t\t\t\t\t\t>\n\t\t\t\t\t\t<div class=\"ngg-gallery-thumbnail\">\n\t\t\t<a href=\"https:\/\/www.prouvy.be\/wp-content\/gallery\/saint-nicolas-2005\/StNicolas_2005_16.jpg\"\n\t\t\t\ttitle=\" \"\n\t\t\t\tdata-src=\"https:\/\/www.prouvy.be\/wp-content\/gallery\/saint-nicolas-2005\/StNicolas_2005_16.jpg\"\n\t\t\t\tdata-thumbnail=\"https:\/\/www.prouvy.be\/wp-content\/gallery\/saint-nicolas-2005\/thumbs\/thumbs_StNicolas_2005_16.jpg\"\n\t\t\t\tdata-image-id=\"267\"\n\t\t\t\tdata-title=\"StNicolas_2005_16\"\n\t\t\t\tdata-description=\" \"\n\t\t\t\tdata-image-slug=\"stnicolas_2005_16\"\n\t\t\t\tclass=\"ngg-fancybox\" rel=\"eb9488a67bba44eb2a32f296b72d2b1c\">\n\t\t\t\t<img\n\t\t\t\t\ttitle=\"StNicolas_2005_16\"\n\t\t\t\t\talt=\"StNicolas_2005_16\"\n\t\t\t\t\tsrc=\"https:\/\/www.prouvy.be\/wp-content\/gallery\/saint-nicolas-2005\/thumbs\/thumbs_StNicolas_2005_16.jpg\"\n\t\t\t\t\twidth=\"120\"\n\t\t\t\t\theight=\"90\"\n\t\t\t\t\tstyle=\"max-width:100%;\"\n\t\t\t\t\/>\n\t\t\t<\/a>\n\t\t<\/div>\n\t\t\t\t\t\t\t<\/div>\n\t\t\t\n\t\t\n\t\t\t\t<div id=\"ngg-image-7\" class=\"ngg-gallery-thumbnail-box\"\n\t\t\t\t\t\t\t\t\t\t\t>\n\t\t\t\t\t\t<div class=\"ngg-gallery-thumbnail\">\n\t\t\t<a href=\"https:\/\/www.prouvy.be\/wp-content\/gallery\/saint-nicolas-2005\/StNicolas_2005_15.jpg\"\n\t\t\t\ttitle=\" \"\n\t\t\t\tdata-src=\"https:\/\/www.prouvy.be\/wp-content\/gallery\/saint-nicolas-2005\/StNicolas_2005_15.jpg\"\n\t\t\t\tdata-thumbnail=\"https:\/\/www.prouvy.be\/wp-content\/gallery\/saint-nicolas-2005\/thumbs\/thumbs_StNicolas_2005_15.jpg\"\n\t\t\t\tdata-image-id=\"266\"\n\t\t\t\tdata-title=\"StNicolas_2005_15\"\n\t\t\t\tdata-description=\" \"\n\t\t\t\tdata-image-slug=\"stnicolas_2005_15\"\n\t\t\t\tclass=\"ngg-fancybox\" rel=\"eb9488a67bba44eb2a32f296b72d2b1c\">\n\t\t\t\t<img\n\t\t\t\t\ttitle=\"StNicolas_2005_15\"\n\t\t\t\t\talt=\"StNicolas_2005_15\"\n\t\t\t\t\tsrc=\"https:\/\/www.prouvy.be\/wp-content\/gallery\/saint-nicolas-2005\/thumbs\/thumbs_StNicolas_2005_15.jpg\"\n\t\t\t\t\twidth=\"120\"\n\t\t\t\t\theight=\"90\"\n\t\t\t\t\tstyle=\"max-width:100%;\"\n\t\t\t\t\/>\n\t\t\t<\/a>\n\t\t<\/div>\n\t\t\t\t\t\t\t<\/div>\n\t\t\t\n\t\t\n\t\t\t\t<div id=\"ngg-image-8\" class=\"ngg-gallery-thumbnail-box\"\n\t\t\t\t\t\t\t\t\t\t\t>\n\t\t\t\t\t\t<div class=\"ngg-gallery-thumbnail\">\n\t\t\t<a href=\"https:\/\/www.prouvy.be\/wp-content\/gallery\/saint-nicolas-2005\/StNicolas_2005_23.jpg\"\n\t\t\t\ttitle=\" \"\n\t\t\t\tdata-src=\"https:\/\/www.prouvy.be\/wp-content\/gallery\/saint-nicolas-2005\/StNicolas_2005_23.jpg\"\n\t\t\t\tdata-thumbnail=\"https:\/\/www.prouvy.be\/wp-content\/gallery\/saint-nicolas-2005\/thumbs\/thumbs_StNicolas_2005_23.jpg\"\n\t\t\t\tdata-image-id=\"274\"\n\t\t\t\tdata-title=\"StNicolas_2005_23\"\n\t\t\t\tdata-description=\" \"\n\t\t\t\tdata-image-slug=\"stnicolas_2005_23\"\n\t\t\t\tclass=\"ngg-fancybox\" rel=\"eb9488a67bba44eb2a32f296b72d2b1c\">\n\t\t\t\t<img\n\t\t\t\t\ttitle=\"StNicolas_2005_23\"\n\t\t\t\t\talt=\"StNicolas_2005_23\"\n\t\t\t\t\tsrc=\"https:\/\/www.prouvy.be\/wp-content\/gallery\/saint-nicolas-2005\/thumbs\/thumbs_StNicolas_2005_23.jpg\"\n\t\t\t\t\twidth=\"120\"\n\t\t\t\t\theight=\"90\"\n\t\t\t\t\tstyle=\"max-width:100%;\"\n\t\t\t\t\/>\n\t\t\t<\/a>\n\t\t<\/div>\n\t\t\t\t\t\t\t<\/div>\n\t\t\t\n\t\t\n\t\t\t\t<div id=\"ngg-image-9\" class=\"ngg-gallery-thumbnail-box\"\n\t\t\t\t\t\t\t\t\t\t\t>\n\t\t\t\t\t\t<div class=\"ngg-gallery-thumbnail\">\n\t\t\t<a href=\"https:\/\/www.prouvy.be\/wp-content\/gallery\/saint-nicolas-2005\/StNicolas_2005_26.jpg\"\n\t\t\t\ttitle=\" \"\n\t\t\t\tdata-src=\"https:\/\/www.prouvy.be\/wp-content\/gallery\/saint-nicolas-2005\/StNicolas_2005_26.jpg\"\n\t\t\t\tdata-thumbnail=\"https:\/\/www.prouvy.be\/wp-content\/gallery\/saint-nicolas-2005\/thumbs\/thumbs_StNicolas_2005_26.jpg\"\n\t\t\t\tdata-image-id=\"277\"\n\t\t\t\tdata-title=\"StNicolas_2005_26\"\n\t\t\t\tdata-description=\" \"\n\t\t\t\tdata-image-slug=\"stnicolas_2005_26\"\n\t\t\t\tclass=\"ngg-fancybox\" rel=\"eb9488a67bba44eb2a32f296b72d2b1c\">\n\t\t\t\t<img\n\t\t\t\t\ttitle=\"StNicolas_2005_26\"\n\t\t\t\t\talt=\"StNicolas_2005_26\"\n\t\t\t\t\tsrc=\"https:\/\/www.prouvy.be\/wp-content\/gallery\/saint-nicolas-2005\/thumbs\/thumbs_StNicolas_2005_26.jpg\"\n\t\t\t\t\twidth=\"120\"\n\t\t\t\t\theight=\"90\"\n\t\t\t\t\tstyle=\"max-width:100%;\"\n\t\t\t\t\/>\n\t\t\t<\/a>\n\t\t<\/div>\n\t\t\t\t\t\t\t<\/div>\n\t\t\t\n\t\t\n\t\t\t\t<div id=\"ngg-image-10\" class=\"ngg-gallery-thumbnail-box\"\n\t\t\t\t\t\t\t\t\t\t\t>\n\t\t\t\t\t\t<div class=\"ngg-gallery-thumbnail\">\n\t\t\t<a href=\"https:\/\/www.prouvy.be\/wp-content\/gallery\/saint-nicolas-2005\/StNicolas_2005_12.jpg\"\n\t\t\t\ttitle=\" \"\n\t\t\t\tdata-src=\"https:\/\/www.prouvy.be\/wp-content\/gallery\/saint-nicolas-2005\/StNicolas_2005_12.jpg\"\n\t\t\t\tdata-thumbnail=\"https:\/\/www.prouvy.be\/wp-content\/gallery\/saint-nicolas-2005\/thumbs\/thumbs_StNicolas_2005_12.jpg\"\n\t\t\t\tdata-image-id=\"263\"\n\t\t\t\tdata-title=\"StNicolas_2005_12\"\n\t\t\t\tdata-description=\" \"\n\t\t\t\tdata-image-slug=\"stnicolas_2005_12\"\n\t\t\t\tclass=\"ngg-fancybox\" rel=\"eb9488a67bba44eb2a32f296b72d2b1c\">\n\t\t\t\t<img\n\t\t\t\t\ttitle=\"StNicolas_2005_12\"\n\t\t\t\t\talt=\"StNicolas_2005_12\"\n\t\t\t\t\tsrc=\"https:\/\/www.prouvy.be\/wp-content\/gallery\/saint-nicolas-2005\/thumbs\/thumbs_StNicolas_2005_12.jpg\"\n\t\t\t\t\twidth=\"120\"\n\t\t\t\t\theight=\"90\"\n\t\t\t\t\tstyle=\"max-width:100%;\"\n\t\t\t\t\/>\n\t\t\t<\/a>\n\t\t<\/div>\n\t\t\t\t\t\t\t<\/div>\n\t\t\t\n\t\t\n\t\t\t\t<div id=\"ngg-image-11\" class=\"ngg-gallery-thumbnail-box\"\n\t\t\t\t\t\t\t\t\t\t\t>\n\t\t\t\t\t\t<div class=\"ngg-gallery-thumbnail\">\n\t\t\t<a href=\"https:\/\/www.prouvy.be\/wp-content\/gallery\/saint-nicolas-2005\/StNicolas_2005_01.jpg\"\n\t\t\t\ttitle=\"\"\n\t\t\t\tdata-src=\"https:\/\/www.prouvy.be\/wp-content\/gallery\/saint-nicolas-2005\/StNicolas_2005_01.jpg\"\n\t\t\t\tdata-thumbnail=\"https:\/\/www.prouvy.be\/wp-content\/gallery\/saint-nicolas-2005\/thumbs\/thumbs_StNicolas_2005_01.jpg\"\n\t\t\t\tdata-image-id=\"252\"\n\t\t\t\tdata-title=\"StNicolas_2005_01\"\n\t\t\t\tdata-description=\"\"\n\t\t\t\tdata-image-slug=\"stnicolas_2005_01\"\n\t\t\t\tclass=\"ngg-fancybox\" rel=\"eb9488a67bba44eb2a32f296b72d2b1c\">\n\t\t\t\t<img\n\t\t\t\t\ttitle=\"StNicolas_2005_01\"\n\t\t\t\t\talt=\"StNicolas_2005_01\"\n\t\t\t\t\tsrc=\"https:\/\/www.prouvy.be\/wp-content\/gallery\/saint-nicolas-2005\/thumbs\/thumbs_StNicolas_2005_01.jpg\"\n\t\t\t\t\twidth=\"120\"\n\t\t\t\t\theight=\"90\"\n\t\t\t\t\tstyle=\"max-width:100%;\"\n\t\t\t\t\/>\n\t\t\t<\/a>\n\t\t<\/div>\n\t\t\t\t\t\t\t<\/div>\n\t\t\t\n\t\t\n\t\t\t\t<div id=\"ngg-image-12\" class=\"ngg-gallery-thumbnail-box\"\n\t\t\t\t\t\t\t\t\t\t\t>\n\t\t\t\t\t\t<div class=\"ngg-gallery-thumbnail\">\n\t\t\t<a href=\"https:\/\/www.prouvy.be\/wp-content\/gallery\/saint-nicolas-2005\/StNicolas_2005_10.jpg\"\n\t\t\t\ttitle=\" \"\n\t\t\t\tdata-src=\"https:\/\/www.prouvy.be\/wp-content\/gallery\/saint-nicolas-2005\/StNicolas_2005_10.jpg\"\n\t\t\t\tdata-thumbnail=\"https:\/\/www.prouvy.be\/wp-content\/gallery\/saint-nicolas-2005\/thumbs\/thumbs_StNicolas_2005_10.jpg\"\n\t\t\t\tdata-image-id=\"261\"\n\t\t\t\tdata-title=\"StNicolas_2005_10\"\n\t\t\t\tdata-description=\" \"\n\t\t\t\tdata-image-slug=\"stnicolas_2005_10\"\n\t\t\t\tclass=\"ngg-fancybox\" rel=\"eb9488a67bba44eb2a32f296b72d2b1c\">\n\t\t\t\t<img\n\t\t\t\t\ttitle=\"StNicolas_2005_10\"\n\t\t\t\t\talt=\"StNicolas_2005_10\"\n\t\t\t\t\tsrc=\"https:\/\/www.prouvy.be\/wp-content\/gallery\/saint-nicolas-2005\/thumbs\/thumbs_StNicolas_2005_10.jpg\"\n\t\t\t\t\twidth=\"120\"\n\t\t\t\t\theight=\"90\"\n\t\t\t\t\tstyle=\"max-width:100%;\"\n\t\t\t\t\/>\n\t\t\t<\/a>\n\t\t<\/div>\n\t\t\t\t\t\t\t<\/div>\n\t\t\t\n\t\t\n\t\t\t\t<div id=\"ngg-image-13\" class=\"ngg-gallery-thumbnail-box\"\n\t\t\t\t\t\t\t\t\t\t\t>\n\t\t\t\t\t\t<div class=\"ngg-gallery-thumbnail\">\n\t\t\t<a href=\"https:\/\/www.prouvy.be\/wp-content\/gallery\/saint-nicolas-2005\/StNicolas_2005_09.jpg\"\n\t\t\t\ttitle=\" \"\n\t\t\t\tdata-src=\"https:\/\/www.prouvy.be\/wp-content\/gallery\/saint-nicolas-2005\/StNicolas_2005_09.jpg\"\n\t\t\t\tdata-thumbnail=\"https:\/\/www.prouvy.be\/wp-content\/gallery\/saint-nicolas-2005\/thumbs\/thumbs_StNicolas_2005_09.jpg\"\n\t\t\t\tdata-image-id=\"260\"\n\t\t\t\tdata-title=\"StNicolas_2005_09\"\n\t\t\t\tdata-description=\" \"\n\t\t\t\tdata-image-slug=\"stnicolas_2005_09\"\n\t\t\t\tclass=\"ngg-fancybox\" rel=\"eb9488a67bba44eb2a32f296b72d2b1c\">\n\t\t\t\t<img\n\t\t\t\t\ttitle=\"StNicolas_2005_09\"\n\t\t\t\t\talt=\"StNicolas_2005_09\"\n\t\t\t\t\tsrc=\"https:\/\/www.prouvy.be\/wp-content\/gallery\/saint-nicolas-2005\/thumbs\/thumbs_StNicolas_2005_09.jpg\"\n\t\t\t\t\twidth=\"120\"\n\t\t\t\t\theight=\"90\"\n\t\t\t\t\tstyle=\"max-width:100%;\"\n\t\t\t\t\/>\n\t\t\t<\/a>\n\t\t<\/div>\n\t\t\t\t\t\t\t<\/div>\n\t\t\t\n\t\t\n\t\t\t\t<div id=\"ngg-image-14\" class=\"ngg-gallery-thumbnail-box\"\n\t\t\t\t\t\t\t\t\t\t\t>\n\t\t\t\t\t\t<div class=\"ngg-gallery-thumbnail\">\n\t\t\t<a href=\"https:\/\/www.prouvy.be\/wp-content\/gallery\/saint-nicolas-2005\/StNicolas_2005_08.jpg\"\n\t\t\t\ttitle=\" \"\n\t\t\t\tdata-src=\"https:\/\/www.prouvy.be\/wp-content\/gallery\/saint-nicolas-2005\/StNicolas_2005_08.jpg\"\n\t\t\t\tdata-thumbnail=\"https:\/\/www.prouvy.be\/wp-content\/gallery\/saint-nicolas-2005\/thumbs\/thumbs_StNicolas_2005_08.jpg\"\n\t\t\t\tdata-image-id=\"259\"\n\t\t\t\tdata-title=\"StNicolas_2005_08\"\n\t\t\t\tdata-description=\" \"\n\t\t\t\tdata-image-slug=\"stnicolas_2005_08\"\n\t\t\t\tclass=\"ngg-fancybox\" rel=\"eb9488a67bba44eb2a32f296b72d2b1c\">\n\t\t\t\t<img\n\t\t\t\t\ttitle=\"StNicolas_2005_08\"\n\t\t\t\t\talt=\"StNicolas_2005_08\"\n\t\t\t\t\tsrc=\"https:\/\/www.prouvy.be\/wp-content\/gallery\/saint-nicolas-2005\/thumbs\/thumbs_StNicolas_2005_08.jpg\"\n\t\t\t\t\twidth=\"120\"\n\t\t\t\t\theight=\"90\"\n\t\t\t\t\tstyle=\"max-width:100%;\"\n\t\t\t\t\/>\n\t\t\t<\/a>\n\t\t<\/div>\n\t\t\t\t\t\t\t<\/div>\n\t\t\t\n\t\t\n\t\t\t\t<div id=\"ngg-image-15\" class=\"ngg-gallery-thumbnail-box\"\n\t\t\t\t\t\t\t\t\t\t\t>\n\t\t\t\t\t\t<div class=\"ngg-gallery-thumbnail\">\n\t\t\t<a href=\"https:\/\/www.prouvy.be\/wp-content\/gallery\/saint-nicolas-2005\/StNicolas_2005_07.jpg\"\n\t\t\t\ttitle=\" \"\n\t\t\t\tdata-src=\"https:\/\/www.prouvy.be\/wp-content\/gallery\/saint-nicolas-2005\/StNicolas_2005_07.jpg\"\n\t\t\t\tdata-thumbnail=\"https:\/\/www.prouvy.be\/wp-content\/gallery\/saint-nicolas-2005\/thumbs\/thumbs_StNicolas_2005_07.jpg\"\n\t\t\t\tdata-image-id=\"258\"\n\t\t\t\tdata-title=\"StNicolas_2005_07\"\n\t\t\t\tdata-description=\" \"\n\t\t\t\tdata-image-slug=\"stnicolas_2005_07\"\n\t\t\t\tclass=\"ngg-fancybox\" rel=\"eb9488a67bba44eb2a32f296b72d2b1c\">\n\t\t\t\t<img\n\t\t\t\t\ttitle=\"StNicolas_2005_07\"\n\t\t\t\t\talt=\"StNicolas_2005_07\"\n\t\t\t\t\tsrc=\"https:\/\/www.prouvy.be\/wp-content\/gallery\/saint-nicolas-2005\/thumbs\/thumbs_StNicolas_2005_07.jpg\"\n\t\t\t\t\twidth=\"120\"\n\t\t\t\t\theight=\"90\"\n\t\t\t\t\tstyle=\"max-width:100%;\"\n\t\t\t\t\/>\n\t\t\t<\/a>\n\t\t<\/div>\n\t\t\t\t\t\t\t<\/div>\n\t\t\t\n\t\t\n\t\t\t\t<div id=\"ngg-image-16\" class=\"ngg-gallery-thumbnail-box\"\n\t\t\t\t\t\t\t\t\t\t\t>\n\t\t\t\t\t\t<div class=\"ngg-gallery-thumbnail\">\n\t\t\t<a href=\"https:\/\/www.prouvy.be\/wp-content\/gallery\/saint-nicolas-2005\/StNicolas_2005_24.jpg\"\n\t\t\t\ttitle=\" \"\n\t\t\t\tdata-src=\"https:\/\/www.prouvy.be\/wp-content\/gallery\/saint-nicolas-2005\/StNicolas_2005_24.jpg\"\n\t\t\t\tdata-thumbnail=\"https:\/\/www.prouvy.be\/wp-content\/gallery\/saint-nicolas-2005\/thumbs\/thumbs_StNicolas_2005_24.jpg\"\n\t\t\t\tdata-image-id=\"275\"\n\t\t\t\tdata-title=\"StNicolas_2005_24\"\n\t\t\t\tdata-description=\" \"\n\t\t\t\tdata-image-slug=\"stnicolas_2005_24\"\n\t\t\t\tclass=\"ngg-fancybox\" rel=\"eb9488a67bba44eb2a32f296b72d2b1c\">\n\t\t\t\t<img\n\t\t\t\t\ttitle=\"StNicolas_2005_24\"\n\t\t\t\t\talt=\"StNicolas_2005_24\"\n\t\t\t\t\tsrc=\"https:\/\/www.prouvy.be\/wp-content\/gallery\/saint-nicolas-2005\/thumbs\/thumbs_StNicolas_2005_24.jpg\"\n\t\t\t\t\twidth=\"120\"\n\t\t\t\t\theight=\"90\"\n\t\t\t\t\tstyle=\"max-width:100%;\"\n\t\t\t\t\/>\n\t\t\t<\/a>\n\t\t<\/div>\n\t\t\t\t\t\t\t<\/div>\n\t\t\t\n\t\t\n\t\t\t\t<div id=\"ngg-image-17\" class=\"ngg-gallery-thumbnail-box\"\n\t\t\t\t\t\t\t\t\t\t\t>\n\t\t\t\t\t\t<div class=\"ngg-gallery-thumbnail\">\n\t\t\t<a href=\"https:\/\/www.prouvy.be\/wp-content\/gallery\/saint-nicolas-2005\/StNicolas_2005_27.jpg\"\n\t\t\t\ttitle=\" \"\n\t\t\t\tdata-src=\"https:\/\/www.prouvy.be\/wp-content\/gallery\/saint-nicolas-2005\/StNicolas_2005_27.jpg\"\n\t\t\t\tdata-thumbnail=\"https:\/\/www.prouvy.be\/wp-content\/gallery\/saint-nicolas-2005\/thumbs\/thumbs_StNicolas_2005_27.jpg\"\n\t\t\t\tdata-image-id=\"278\"\n\t\t\t\tdata-title=\"StNicolas_2005_27\"\n\t\t\t\tdata-description=\" \"\n\t\t\t\tdata-image-slug=\"stnicolas_2005_27\"\n\t\t\t\tclass=\"ngg-fancybox\" rel=\"eb9488a67bba44eb2a32f296b72d2b1c\">\n\t\t\t\t<img\n\t\t\t\t\ttitle=\"StNicolas_2005_27\"\n\t\t\t\t\talt=\"StNicolas_2005_27\"\n\t\t\t\t\tsrc=\"https:\/\/www.prouvy.be\/wp-content\/gallery\/saint-nicolas-2005\/thumbs\/thumbs_StNicolas_2005_27.jpg\"\n\t\t\t\t\twidth=\"120\"\n\t\t\t\t\theight=\"90\"\n\t\t\t\t\tstyle=\"max-width:100%;\"\n\t\t\t\t\/>\n\t\t\t<\/a>\n\t\t<\/div>\n\t\t\t\t\t\t\t<\/div>\n\t\t\t\n\t\t\n\t\t\t\t<div id=\"ngg-image-18\" class=\"ngg-gallery-thumbnail-box\"\n\t\t\t\t\t\t\t\t\t\t\t>\n\t\t\t\t\t\t<div class=\"ngg-gallery-thumbnail\">\n\t\t\t<a href=\"https:\/\/www.prouvy.be\/wp-content\/gallery\/saint-nicolas-2005\/StNicolas_2005_04.jpg\"\n\t\t\t\ttitle=\" \"\n\t\t\t\tdata-src=\"https:\/\/www.prouvy.be\/wp-content\/gallery\/saint-nicolas-2005\/StNicolas_2005_04.jpg\"\n\t\t\t\tdata-thumbnail=\"https:\/\/www.prouvy.be\/wp-content\/gallery\/saint-nicolas-2005\/thumbs\/thumbs_StNicolas_2005_04.jpg\"\n\t\t\t\tdata-image-id=\"255\"\n\t\t\t\tdata-title=\"StNicolas_2005_04\"\n\t\t\t\tdata-description=\" \"\n\t\t\t\tdata-image-slug=\"stnicolas_2005_04\"\n\t\t\t\tclass=\"ngg-fancybox\" rel=\"eb9488a67bba44eb2a32f296b72d2b1c\">\n\t\t\t\t<img\n\t\t\t\t\ttitle=\"StNicolas_2005_04\"\n\t\t\t\t\talt=\"StNicolas_2005_04\"\n\t\t\t\t\tsrc=\"https:\/\/www.prouvy.be\/wp-content\/gallery\/saint-nicolas-2005\/thumbs\/thumbs_StNicolas_2005_04.jpg\"\n\t\t\t\t\twidth=\"120\"\n\t\t\t\t\theight=\"90\"\n\t\t\t\t\tstyle=\"max-width:100%;\"\n\t\t\t\t\/>\n\t\t\t<\/a>\n\t\t<\/div>\n\t\t\t\t\t\t\t<\/div>\n\t\t\t\n\t\t\n\t\t\t\t<div id=\"ngg-image-19\" class=\"ngg-gallery-thumbnail-box\"\n\t\t\t\t\t\t\t\t\t\t\t>\n\t\t\t\t\t\t<div class=\"ngg-gallery-thumbnail\">\n\t\t\t<a href=\"https:\/\/www.prouvy.be\/wp-content\/gallery\/saint-nicolas-2005\/StNicolas_2005_03.jpg\"\n\t\t\t\ttitle=\" \"\n\t\t\t\tdata-src=\"https:\/\/www.prouvy.be\/wp-content\/gallery\/saint-nicolas-2005\/StNicolas_2005_03.jpg\"\n\t\t\t\tdata-thumbnail=\"https:\/\/www.prouvy.be\/wp-content\/gallery\/saint-nicolas-2005\/thumbs\/thumbs_StNicolas_2005_03.jpg\"\n\t\t\t\tdata-image-id=\"254\"\n\t\t\t\tdata-title=\"StNicolas_2005_03\"\n\t\t\t\tdata-description=\" \"\n\t\t\t\tdata-image-slug=\"stnicolas_2005_03\"\n\t\t\t\tclass=\"ngg-fancybox\" rel=\"eb9488a67bba44eb2a32f296b72d2b1c\">\n\t\t\t\t<img\n\t\t\t\t\ttitle=\"StNicolas_2005_03\"\n\t\t\t\t\talt=\"StNicolas_2005_03\"\n\t\t\t\t\tsrc=\"https:\/\/www.prouvy.be\/wp-content\/gallery\/saint-nicolas-2005\/thumbs\/thumbs_StNicolas_2005_03.jpg\"\n\t\t\t\t\twidth=\"120\"\n\t\t\t\t\theight=\"90\"\n\t\t\t\t\tstyle=\"max-width:100%;\"\n\t\t\t\t\/>\n\t\t\t<\/a>\n\t\t<\/div>\n\t\t\t\t\t\t\t<\/div>\n\t\t\t\n\t\t\n\t\t\n\t\t<!-- Pagination -->\n\t\t<div class='ngg-navigation'><span class='current'>1<\/span>\n<a class='page-numbers' data-pageid='2' href='https:\/\/www.prouvy.be\/index.php\/nggallery\/page\/2?page_id=946'>2<\/a>\n<a class='prev' href='https:\/\/www.prouvy.be\/index.php\/nggallery\/page\/2?page_id=946' data-pageid=2>&#9658;<\/a><\/div>\t<\/div>\n<\/p>\n","protected":false},"excerpt":{"rendered":"<p>Une nouvelle fois, Saint Nicolas est venu rendre visite aux enfants de notre village le dimanche 27 novembre\u00a02005. Un d\u00e9placement en attelage avait \u00e9t\u00e9 pr\u00e9vu, mais malheureusement une couche de neige un peu trop \u00e9paisse a emp\u00each\u00e9 le Grand Saint d\u2019utiliser ce moyen de locomotion. Avec l\u2019aide du P\u00e8re Fouettard, le Saint Patron des enfants &hellip; <a href=\"https:\/\/www.prouvy.be\/?page_id=946\" class=\"more-link\">Continuer la lecture de <span class=\"screen-reader-text\">Saint-Nicolas 2005<\/span>  <span class=\"meta-nav\">&rarr;<\/span><\/a><\/p>\n","protected":false},"author":1,"featured_media":1004,"parent":727,"menu_order":0,"comment_status":"open","ping_status":"open","template":"","meta":{"ngg_post_thumbnail":0,"footnotes":""},"class_list":["post-946","page","type-page","status-publish","has-post-thumbnail","hentry"],"post_mailing_queue_ids":[],"_links":{"self":[{"href":"https:\/\/www.prouvy.be\/index.php?rest_route=\/wp\/v2\/pages\/946","targetHints":{"allow":["GET"]}}],"collection":[{"href":"https:\/\/www.prouvy.be\/index.php?rest_route=\/wp\/v2\/pages"}],"about":[{"href":"https:\/\/www.prouvy.be\/index.php?rest_route=\/wp\/v2\/types\/page"}],"author":[{"embeddable":true,"href":"https:\/\/www.prouvy.be\/index.php?rest_route=\/wp\/v2\/users\/1"}],"replies":[{"embeddable":true,"href":"https:\/\/www.prouvy.be\/index.php?rest_route=%2Fwp%2Fv2%2Fcomments&post=946"}],"version-history":[{"count":1,"href":"https:\/\/www.prouvy.be\/index.php?rest_route=\/wp\/v2\/pages\/946\/revisions"}],"predecessor-version":[{"id":1005,"href":"https:\/\/www.prouvy.be\/index.php?rest_route=\/wp\/v2\/pages\/946\/revisions\/1005"}],"up":[{"embeddable":true,"href":"https:\/\/www.prouvy.be\/index.php?rest_route=\/wp\/v2\/pages\/727"}],"wp:featuredmedia":[{"embeddable":true,"href":"https:\/\/www.prouvy.be\/index.php?rest_route=\/wp\/v2\/media\/1004"}],"wp:attachment":[{"href":"https:\/\/www.prouvy.be\/index.php?rest_route=%2Fwp%2Fv2%2Fmedia&parent=946"}],"curies":[{"name":"wp","href":"https:\/\/api.w.org\/{rel}","templated":true}]}}