{"id":731,"date":"2014-09-01T22:42:18","date_gmt":"2014-09-01T20:42:18","guid":{"rendered":"http:\/\/new.prouvy.be\/?page_id=731"},"modified":"2015-01-30T23:43:24","modified_gmt":"2015-01-30T21:43:24","slug":"agencement-de-la-salle","status":"publish","type":"page","link":"https:\/\/www.prouvy.be\/?page_id=731","title":{"rendered":"Agencement de la salle"},"content":{"rendered":"<div id=\"fb-root\"><\/div>\n<p style=\"color: #000000;\"><strong>Exemples de configuration de la salle:<\/strong><\/p>\n<p style=\"color: #000000;\">La salle \u00e0 une capacit\u00e9 de 60 personnes assises ou 110 personnes debout<\/p>\n<p style=\"color: #000000;\">Id\u00e9ale pour mariage, anniversaire, communion, bapt\u00eame, retraite\u2026<\/p>\n<p style=\"color: #000000;\">Afin de vous aider \u00e0 d\u00e9corer et disposer les tables, voici quelques exemples de configuration.<\/p>\n<p style=\"color: #000000;\"><a href=\"http:\/\/www.prouvy.be\/wp-content\/uploads\/2014\/09\/salle_2004_05.jpg\"><img loading=\"lazy\" decoding=\"async\" class=\"aligncenter size-full wp-image-732\" src=\"http:\/\/www.prouvy.be\/wp-content\/uploads\/2014\/09\/salle_2004_05.jpg\" alt=\"salle_2004_05\" width=\"640\" height=\"480\" srcset=\"https:\/\/www.prouvy.be\/wp-content\/uploads\/2014\/09\/salle_2004_05.jpg 640w, https:\/\/www.prouvy.be\/wp-content\/uploads\/2014\/09\/salle_2004_05-300x225.jpg 300w\" sizes=\"auto, (max-width: 640px) 100vw, 640px\" \/><\/a><\/p>\n<p style=\"color: #000000;\">2 tables dispos\u00e9es en longueur pour une capacit\u00e9 de 60 personnes assises.<\/p>\n","protected":false},"excerpt":{"rendered":"<p>Exemples de configuration de la salle: La salle \u00e0 une capacit\u00e9 de 60 personnes assises ou 110 personnes debout Id\u00e9ale pour mariage, anniversaire, communion, bapt\u00eame, retraite\u2026 Afin de vous aider \u00e0 d\u00e9corer et disposer les tables, voici quelques exemples de configuration. 2 tables dispos\u00e9es en longueur pour une capacit\u00e9 de 60 personnes assises.<\/p>\n","protected":false},"author":1,"featured_media":0,"parent":734,"menu_order":0,"comment_status":"open","ping_status":"open","template":"","meta":{"ngg_post_thumbnail":0,"footnotes":""},"class_list":["post-731","page","type-page","status-publish","hentry"],"post_mailing_queue_ids":[],"_links":{"self":[{"href":"https:\/\/www.prouvy.be\/index.php?rest_route=\/wp\/v2\/pages\/731","targetHints":{"allow":["GET"]}}],"collection":[{"href":"https:\/\/www.prouvy.be\/index.php?rest_route=\/wp\/v2\/pages"}],"about":[{"href":"https:\/\/www.prouvy.be\/index.php?rest_route=\/wp\/v2\/types\/page"}],"author":[{"embeddable":true,"href":"https:\/\/www.prouvy.be\/index.php?rest_route=\/wp\/v2\/users\/1"}],"replies":[{"embeddable":true,"href":"https:\/\/www.prouvy.be\/index.php?rest_route=%2Fwp%2Fv2%2Fcomments&post=731"}],"version-history":[{"count":3,"href":"https:\/\/www.prouvy.be\/index.php?rest_route=\/wp\/v2\/pages\/731\/revisions"}],"predecessor-version":[{"id":3632,"href":"https:\/\/www.prouvy.be\/index.php?rest_route=\/wp\/v2\/pages\/731\/revisions\/3632"}],"up":[{"embeddable":true,"href":"https:\/\/www.prouvy.be\/index.php?rest_route=\/wp\/v2\/pages\/734"}],"wp:attachment":[{"href":"https:\/\/www.prouvy.be\/index.php?rest_route=%2Fwp%2Fv2%2Fmedia&parent=731"}],"curies":[{"name":"wp","href":"https:\/\/api.w.org\/{rel}","templated":true}]}}