{"id":2712,"date":"2014-12-01T22:38:15","date_gmt":"2014-12-01T20:38:15","guid":{"rendered":"http:\/\/new.prouvy.be\/?page_id=2712"},"modified":"2014-12-01T22:38:15","modified_gmt":"2014-12-01T20:38:15","slug":"montage-creche-distribution-de-sapin","status":"publish","type":"page","link":"https:\/\/www.prouvy.be\/?page_id=2712","title":{"rendered":"Montage creche + Distribution de sapin"},"content":{"rendered":"<div id=\"fb-root\"><\/div>\n<p>Un beau manteau blanc recouvrait le village ce 8 d\u00e9cembre. Le froid n\u2019a pas d\u00e9courag\u00e9 les b\u00e9n\u00e9voles venus pour distribuer 70 sapins aux habitants du village qui en avaient fait la demande. Une autre \u00e9quipe s\u2019est charg\u00e9e du montage de la cr\u00e8che devant la chapelle. Tandis que d\u2019autres compagnons s\u2019affairaient \u00e0 l\u2019installation des illuminations \u00e9lectriques. Merci Michou pour ton chaud vin.<\/p>\n<p><!-- index.php -->\n<div\n\tclass=\"ngg-galleryoverview\n\t ngg-ajax-pagination-none\t\"\n\tid=\"ngg-gallery-53f8a80fe15f665a8a58be2140a4447d-1\">\n\n\t\t<div class=\"slideshowlink\">\n\t\t<a href='https:\/\/www.prouvy.be\/index.php\/nggallery\/slideshow?page_id=2712'>[Show slideshow]<\/a>\n\n\t<\/div>\n\t\t\t<!-- Thumbnails -->\n\t\t\t\t<div id=\"ngg-image-0\" class=\"ngg-gallery-thumbnail-box\"\n\t\t\t\t\t\t\t\t\t\t\t>\n\t\t\t\t\t\t<div class=\"ngg-gallery-thumbnail\">\n\t\t\t<a href=\"https:\/\/www.prouvy.be\/wp-content\/gallery\/montage-creche-distribution-de-sapin-1\/creche_2012_01.JPG\"\n\t\t\t\ttitle=\"\"\n\t\t\t\tdata-src=\"https:\/\/www.prouvy.be\/wp-content\/gallery\/montage-creche-distribution-de-sapin-1\/creche_2012_01.JPG\"\n\t\t\t\tdata-thumbnail=\"https:\/\/www.prouvy.be\/wp-content\/gallery\/montage-creche-distribution-de-sapin-1\/thumbs\/thumbs_creche_2012_01.JPG\"\n\t\t\t\tdata-image-id=\"939\"\n\t\t\t\tdata-title=\"creche_2012_01\"\n\t\t\t\tdata-description=\"\"\n\t\t\t\tdata-image-slug=\"creche_2012_01\"\n\t\t\t\tclass=\"ngg-fancybox\" rel=\"53f8a80fe15f665a8a58be2140a4447d\">\n\t\t\t\t<img\n\t\t\t\t\ttitle=\"creche_2012_01\"\n\t\t\t\t\talt=\"creche_2012_01\"\n\t\t\t\t\tsrc=\"https:\/\/www.prouvy.be\/wp-content\/gallery\/montage-creche-distribution-de-sapin-1\/thumbs\/thumbs_creche_2012_01.JPG\"\n\t\t\t\t\twidth=\"120\"\n\t\t\t\t\theight=\"90\"\n\t\t\t\t\tstyle=\"max-width:100%;\"\n\t\t\t\t\/>\n\t\t\t<\/a>\n\t\t<\/div>\n\t\t\t\t\t\t\t<\/div>\n\t\t\t\n\t\t\n\t\t\t\t<div id=\"ngg-image-1\" class=\"ngg-gallery-thumbnail-box\"\n\t\t\t\t\t\t\t\t\t\t\t>\n\t\t\t\t\t\t<div class=\"ngg-gallery-thumbnail\">\n\t\t\t<a href=\"https:\/\/www.prouvy.be\/wp-content\/gallery\/montage-creche-distribution-de-sapin-1\/creche_2012_02.JPG\"\n\t\t\t\ttitle=\" \"\n\t\t\t\tdata-src=\"https:\/\/www.prouvy.be\/wp-content\/gallery\/montage-creche-distribution-de-sapin-1\/creche_2012_02.JPG\"\n\t\t\t\tdata-thumbnail=\"https:\/\/www.prouvy.be\/wp-content\/gallery\/montage-creche-distribution-de-sapin-1\/thumbs\/thumbs_creche_2012_02.JPG\"\n\t\t\t\tdata-image-id=\"940\"\n\t\t\t\tdata-title=\"creche_2012_02\"\n\t\t\t\tdata-description=\" \"\n\t\t\t\tdata-image-slug=\"creche_2012_02\"\n\t\t\t\tclass=\"ngg-fancybox\" rel=\"53f8a80fe15f665a8a58be2140a4447d\">\n\t\t\t\t<img\n\t\t\t\t\ttitle=\"creche_2012_02\"\n\t\t\t\t\talt=\"creche_2012_02\"\n\t\t\t\t\tsrc=\"https:\/\/www.prouvy.be\/wp-content\/gallery\/montage-creche-distribution-de-sapin-1\/thumbs\/thumbs_creche_2012_02.JPG\"\n\t\t\t\t\twidth=\"120\"\n\t\t\t\t\theight=\"90\"\n\t\t\t\t\tstyle=\"max-width:100%;\"\n\t\t\t\t\/>\n\t\t\t<\/a>\n\t\t<\/div>\n\t\t\t\t\t\t\t<\/div>\n\t\t\t\n\t\t\n\t\t\t\t<div id=\"ngg-image-2\" class=\"ngg-gallery-thumbnail-box\"\n\t\t\t\t\t\t\t\t\t\t\t>\n\t\t\t\t\t\t<div class=\"ngg-gallery-thumbnail\">\n\t\t\t<a href=\"https:\/\/www.prouvy.be\/wp-content\/gallery\/montage-creche-distribution-de-sapin-1\/creche_2012_03.JPG\"\n\t\t\t\ttitle=\" \"\n\t\t\t\tdata-src=\"https:\/\/www.prouvy.be\/wp-content\/gallery\/montage-creche-distribution-de-sapin-1\/creche_2012_03.JPG\"\n\t\t\t\tdata-thumbnail=\"https:\/\/www.prouvy.be\/wp-content\/gallery\/montage-creche-distribution-de-sapin-1\/thumbs\/thumbs_creche_2012_03.JPG\"\n\t\t\t\tdata-image-id=\"941\"\n\t\t\t\tdata-title=\"creche_2012_03\"\n\t\t\t\tdata-description=\" \"\n\t\t\t\tdata-image-slug=\"creche_2012_03\"\n\t\t\t\tclass=\"ngg-fancybox\" rel=\"53f8a80fe15f665a8a58be2140a4447d\">\n\t\t\t\t<img\n\t\t\t\t\ttitle=\"creche_2012_03\"\n\t\t\t\t\talt=\"creche_2012_03\"\n\t\t\t\t\tsrc=\"https:\/\/www.prouvy.be\/wp-content\/gallery\/montage-creche-distribution-de-sapin-1\/thumbs\/thumbs_creche_2012_03.JPG\"\n\t\t\t\t\twidth=\"120\"\n\t\t\t\t\theight=\"90\"\n\t\t\t\t\tstyle=\"max-width:100%;\"\n\t\t\t\t\/>\n\t\t\t<\/a>\n\t\t<\/div>\n\t\t\t\t\t\t\t<\/div>\n\t\t\t\n\t\t\n\t\t\t\t<div id=\"ngg-image-3\" class=\"ngg-gallery-thumbnail-box\"\n\t\t\t\t\t\t\t\t\t\t\t>\n\t\t\t\t\t\t<div class=\"ngg-gallery-thumbnail\">\n\t\t\t<a href=\"https:\/\/www.prouvy.be\/wp-content\/gallery\/montage-creche-distribution-de-sapin-1\/creche_2012_04.JPG\"\n\t\t\t\ttitle=\" \"\n\t\t\t\tdata-src=\"https:\/\/www.prouvy.be\/wp-content\/gallery\/montage-creche-distribution-de-sapin-1\/creche_2012_04.JPG\"\n\t\t\t\tdata-thumbnail=\"https:\/\/www.prouvy.be\/wp-content\/gallery\/montage-creche-distribution-de-sapin-1\/thumbs\/thumbs_creche_2012_04.JPG\"\n\t\t\t\tdata-image-id=\"942\"\n\t\t\t\tdata-title=\"creche_2012_04\"\n\t\t\t\tdata-description=\" \"\n\t\t\t\tdata-image-slug=\"creche_2012_04\"\n\t\t\t\tclass=\"ngg-fancybox\" rel=\"53f8a80fe15f665a8a58be2140a4447d\">\n\t\t\t\t<img\n\t\t\t\t\ttitle=\"creche_2012_04\"\n\t\t\t\t\talt=\"creche_2012_04\"\n\t\t\t\t\tsrc=\"https:\/\/www.prouvy.be\/wp-content\/gallery\/montage-creche-distribution-de-sapin-1\/thumbs\/thumbs_creche_2012_04.JPG\"\n\t\t\t\t\twidth=\"120\"\n\t\t\t\t\theight=\"90\"\n\t\t\t\t\tstyle=\"max-width:100%;\"\n\t\t\t\t\/>\n\t\t\t<\/a>\n\t\t<\/div>\n\t\t\t\t\t\t\t<\/div>\n\t\t\t\n\t\t\n\t\t\t\t<div id=\"ngg-image-4\" class=\"ngg-gallery-thumbnail-box\"\n\t\t\t\t\t\t\t\t\t\t\t>\n\t\t\t\t\t\t<div class=\"ngg-gallery-thumbnail\">\n\t\t\t<a href=\"https:\/\/www.prouvy.be\/wp-content\/gallery\/montage-creche-distribution-de-sapin-1\/creche_2012_05.JPG\"\n\t\t\t\ttitle=\" \"\n\t\t\t\tdata-src=\"https:\/\/www.prouvy.be\/wp-content\/gallery\/montage-creche-distribution-de-sapin-1\/creche_2012_05.JPG\"\n\t\t\t\tdata-thumbnail=\"https:\/\/www.prouvy.be\/wp-content\/gallery\/montage-creche-distribution-de-sapin-1\/thumbs\/thumbs_creche_2012_05.JPG\"\n\t\t\t\tdata-image-id=\"943\"\n\t\t\t\tdata-title=\"creche_2012_05\"\n\t\t\t\tdata-description=\" \"\n\t\t\t\tdata-image-slug=\"creche_2012_05\"\n\t\t\t\tclass=\"ngg-fancybox\" rel=\"53f8a80fe15f665a8a58be2140a4447d\">\n\t\t\t\t<img\n\t\t\t\t\ttitle=\"creche_2012_05\"\n\t\t\t\t\talt=\"creche_2012_05\"\n\t\t\t\t\tsrc=\"https:\/\/www.prouvy.be\/wp-content\/gallery\/montage-creche-distribution-de-sapin-1\/thumbs\/thumbs_creche_2012_05.JPG\"\n\t\t\t\t\twidth=\"120\"\n\t\t\t\t\theight=\"90\"\n\t\t\t\t\tstyle=\"max-width:100%;\"\n\t\t\t\t\/>\n\t\t\t<\/a>\n\t\t<\/div>\n\t\t\t\t\t\t\t<\/div>\n\t\t\t\n\t\t\n\t\t\t\t<div id=\"ngg-image-5\" class=\"ngg-gallery-thumbnail-box\"\n\t\t\t\t\t\t\t\t\t\t\t>\n\t\t\t\t\t\t<div class=\"ngg-gallery-thumbnail\">\n\t\t\t<a href=\"https:\/\/www.prouvy.be\/wp-content\/gallery\/montage-creche-distribution-de-sapin-1\/creche_2012_06.JPG\"\n\t\t\t\ttitle=\" \"\n\t\t\t\tdata-src=\"https:\/\/www.prouvy.be\/wp-content\/gallery\/montage-creche-distribution-de-sapin-1\/creche_2012_06.JPG\"\n\t\t\t\tdata-thumbnail=\"https:\/\/www.prouvy.be\/wp-content\/gallery\/montage-creche-distribution-de-sapin-1\/thumbs\/thumbs_creche_2012_06.JPG\"\n\t\t\t\tdata-image-id=\"944\"\n\t\t\t\tdata-title=\"creche_2012_06\"\n\t\t\t\tdata-description=\" \"\n\t\t\t\tdata-image-slug=\"creche_2012_06\"\n\t\t\t\tclass=\"ngg-fancybox\" rel=\"53f8a80fe15f665a8a58be2140a4447d\">\n\t\t\t\t<img\n\t\t\t\t\ttitle=\"creche_2012_06\"\n\t\t\t\t\talt=\"creche_2012_06\"\n\t\t\t\t\tsrc=\"https:\/\/www.prouvy.be\/wp-content\/gallery\/montage-creche-distribution-de-sapin-1\/thumbs\/thumbs_creche_2012_06.JPG\"\n\t\t\t\t\twidth=\"120\"\n\t\t\t\t\theight=\"90\"\n\t\t\t\t\tstyle=\"max-width:100%;\"\n\t\t\t\t\/>\n\t\t\t<\/a>\n\t\t<\/div>\n\t\t\t\t\t\t\t<\/div>\n\t\t\t\n\t\t\n\t\t\t\t<div id=\"ngg-image-6\" class=\"ngg-gallery-thumbnail-box\"\n\t\t\t\t\t\t\t\t\t\t\t>\n\t\t\t\t\t\t<div class=\"ngg-gallery-thumbnail\">\n\t\t\t<a href=\"https:\/\/www.prouvy.be\/wp-content\/gallery\/montage-creche-distribution-de-sapin-1\/creche_2012_07.JPG\"\n\t\t\t\ttitle=\" \"\n\t\t\t\tdata-src=\"https:\/\/www.prouvy.be\/wp-content\/gallery\/montage-creche-distribution-de-sapin-1\/creche_2012_07.JPG\"\n\t\t\t\tdata-thumbnail=\"https:\/\/www.prouvy.be\/wp-content\/gallery\/montage-creche-distribution-de-sapin-1\/thumbs\/thumbs_creche_2012_07.JPG\"\n\t\t\t\tdata-image-id=\"945\"\n\t\t\t\tdata-title=\"creche_2012_07\"\n\t\t\t\tdata-description=\" \"\n\t\t\t\tdata-image-slug=\"creche_2012_07\"\n\t\t\t\tclass=\"ngg-fancybox\" rel=\"53f8a80fe15f665a8a58be2140a4447d\">\n\t\t\t\t<img\n\t\t\t\t\ttitle=\"creche_2012_07\"\n\t\t\t\t\talt=\"creche_2012_07\"\n\t\t\t\t\tsrc=\"https:\/\/www.prouvy.be\/wp-content\/gallery\/montage-creche-distribution-de-sapin-1\/thumbs\/thumbs_creche_2012_07.JPG\"\n\t\t\t\t\twidth=\"120\"\n\t\t\t\t\theight=\"90\"\n\t\t\t\t\tstyle=\"max-width:100%;\"\n\t\t\t\t\/>\n\t\t\t<\/a>\n\t\t<\/div>\n\t\t\t\t\t\t\t<\/div>\n\t\t\t\n\t\t\n\t\t\t\t<div id=\"ngg-image-7\" class=\"ngg-gallery-thumbnail-box\"\n\t\t\t\t\t\t\t\t\t\t\t>\n\t\t\t\t\t\t<div class=\"ngg-gallery-thumbnail\">\n\t\t\t<a href=\"https:\/\/www.prouvy.be\/wp-content\/gallery\/montage-creche-distribution-de-sapin-1\/creche_2012_08.JPG\"\n\t\t\t\ttitle=\" \"\n\t\t\t\tdata-src=\"https:\/\/www.prouvy.be\/wp-content\/gallery\/montage-creche-distribution-de-sapin-1\/creche_2012_08.JPG\"\n\t\t\t\tdata-thumbnail=\"https:\/\/www.prouvy.be\/wp-content\/gallery\/montage-creche-distribution-de-sapin-1\/thumbs\/thumbs_creche_2012_08.JPG\"\n\t\t\t\tdata-image-id=\"946\"\n\t\t\t\tdata-title=\"creche_2012_08\"\n\t\t\t\tdata-description=\" \"\n\t\t\t\tdata-image-slug=\"creche_2012_08\"\n\t\t\t\tclass=\"ngg-fancybox\" rel=\"53f8a80fe15f665a8a58be2140a4447d\">\n\t\t\t\t<img\n\t\t\t\t\ttitle=\"creche_2012_08\"\n\t\t\t\t\talt=\"creche_2012_08\"\n\t\t\t\t\tsrc=\"https:\/\/www.prouvy.be\/wp-content\/gallery\/montage-creche-distribution-de-sapin-1\/thumbs\/thumbs_creche_2012_08.JPG\"\n\t\t\t\t\twidth=\"120\"\n\t\t\t\t\theight=\"90\"\n\t\t\t\t\tstyle=\"max-width:100%;\"\n\t\t\t\t\/>\n\t\t\t<\/a>\n\t\t<\/div>\n\t\t\t\t\t\t\t<\/div>\n\t\t\t\n\t\t\n\t\t\n\t\t<!-- Pagination -->\n\t\t<div class='ngg-clear'><\/div>\t<\/div>\n<\/p>\n","protected":false},"excerpt":{"rendered":"<p>Un beau manteau blanc recouvrait le village ce 8 d\u00e9cembre. Le froid n\u2019a pas d\u00e9courag\u00e9 les b\u00e9n\u00e9voles venus pour distribuer 70 sapins aux habitants du village qui en avaient fait la demande. Une autre \u00e9quipe s\u2019est charg\u00e9e du montage de la cr\u00e8che devant la chapelle. Tandis que d\u2019autres compagnons s\u2019affairaient \u00e0 l\u2019installation des illuminations \u00e9lectriques. &hellip; <a href=\"https:\/\/www.prouvy.be\/?page_id=2712\" class=\"more-link\">Continuer la lecture de <span class=\"screen-reader-text\">Montage creche + Distribution de sapin<\/span>  <span class=\"meta-nav\">&rarr;<\/span><\/a><\/p>\n","protected":false},"author":1,"featured_media":2734,"parent":2710,"menu_order":0,"comment_status":"open","ping_status":"open","template":"","meta":{"ngg_post_thumbnail":0,"footnotes":""},"class_list":["post-2712","page","type-page","status-publish","has-post-thumbnail","hentry"],"post_mailing_queue_ids":[],"_links":{"self":[{"href":"https:\/\/www.prouvy.be\/index.php?rest_route=\/wp\/v2\/pages\/2712","targetHints":{"allow":["GET"]}}],"collection":[{"href":"https:\/\/www.prouvy.be\/index.php?rest_route=\/wp\/v2\/pages"}],"about":[{"href":"https:\/\/www.prouvy.be\/index.php?rest_route=\/wp\/v2\/types\/page"}],"author":[{"embeddable":true,"href":"https:\/\/www.prouvy.be\/index.php?rest_route=\/wp\/v2\/users\/1"}],"replies":[{"embeddable":true,"href":"https:\/\/www.prouvy.be\/index.php?rest_route=%2Fwp%2Fv2%2Fcomments&post=2712"}],"version-history":[{"count":1,"href":"https:\/\/www.prouvy.be\/index.php?rest_route=\/wp\/v2\/pages\/2712\/revisions"}],"predecessor-version":[{"id":2735,"href":"https:\/\/www.prouvy.be\/index.php?rest_route=\/wp\/v2\/pages\/2712\/revisions\/2735"}],"up":[{"embeddable":true,"href":"https:\/\/www.prouvy.be\/index.php?rest_route=\/wp\/v2\/pages\/2710"}],"wp:featuredmedia":[{"embeddable":true,"href":"https:\/\/www.prouvy.be\/index.php?rest_route=\/wp\/v2\/media\/2734"}],"wp:attachment":[{"href":"https:\/\/www.prouvy.be\/index.php?rest_route=%2Fwp%2Fv2%2Fmedia&parent=2712"}],"curies":[{"name":"wp","href":"https:\/\/api.w.org\/{rel}","templated":true}]}}