{"id":2564,"date":"2014-11-27T23:32:03","date_gmt":"2014-11-27T21:32:03","guid":{"rendered":"http:\/\/new.prouvy.be\/?page_id=2564"},"modified":"2014-11-27T23:32:03","modified_gmt":"2014-11-27T21:32:03","slug":"operation-village-propre","status":"publish","type":"page","link":"https:\/\/www.prouvy.be\/?page_id=2564","title":{"rendered":"Op\u00e9ration Village Propre"},"content":{"rendered":"<div id=\"fb-root\"><\/div>\n<p>En cette magnifique journ\u00e9e du 9 avril, 24 b\u00e9n\u00e9voles s\u2019\u00e9taient de nouveau mobilis\u00e9s pour la d\u00e9sormais habituelle \u201coperation village propre\u201d.<br \/>\nComme d\u2019habitude a Prouvy, ils ont r\u00e9pndu pr\u00e9sent car motiv\u00e9s pour maintenir leur environnement aussi propre que possible.<br \/>\nMalheureusement, encore trop de d\u00e9tritus de toutes sortes furent ramen\u00e9s, mais qu\u2019importe, gr\u00e0ce a la participation de tous, cette matin\u00e9e fut un succ\u00e8s et Prouvy est de nouveau rafraichit pour l\u2019ann\u00e9e a venir.<br \/>\nUn petit ap\u00e9ro convivial tr\u00e8s agr\u00e9able r\u00e9unit tous les participants pour les remercier.<\/p>\n<p>Encore merci a tous et rendez-vous l\u2019ann\u00e9e prochaine<\/p>\n<p><!-- index.php -->\n<div\n\tclass=\"ngg-galleryoverview\n\t ngg-ajax-pagination-none\t\"\n\tid=\"ngg-gallery-8787e4c23a2cb0648236e03675f1a517-1\">\n\n\t\t<div class=\"slideshowlink\">\n\t\t<a href='https:\/\/www.prouvy.be\/index.php\/nggallery\/slideshow?page_id=2564'>[Show slideshow]<\/a>\n\n\t<\/div>\n\t\t\t<!-- Thumbnails -->\n\t\t\t\t<div id=\"ngg-image-0\" class=\"ngg-gallery-thumbnail-box\"\n\t\t\t\t\t\t\t\t\t\t\t>\n\t\t\t\t\t\t<div class=\"ngg-gallery-thumbnail\">\n\t\t\t<a href=\"https:\/\/www.prouvy.be\/wp-content\/gallery\/operation-village-propre-2009\/propre_2011_09.JPG\"\n\t\t\t\ttitle=\" \"\n\t\t\t\tdata-src=\"https:\/\/www.prouvy.be\/wp-content\/gallery\/operation-village-propre-2009\/propre_2011_09.JPG\"\n\t\t\t\tdata-thumbnail=\"https:\/\/www.prouvy.be\/wp-content\/gallery\/operation-village-propre-2009\/thumbs\/thumbs_propre_2011_09.JPG\"\n\t\t\t\tdata-image-id=\"890\"\n\t\t\t\tdata-title=\"propre_2011_09\"\n\t\t\t\tdata-description=\" \"\n\t\t\t\tdata-image-slug=\"propre_2011_09\"\n\t\t\t\tclass=\"ngg-fancybox\" rel=\"8787e4c23a2cb0648236e03675f1a517\">\n\t\t\t\t<img\n\t\t\t\t\ttitle=\"propre_2011_09\"\n\t\t\t\t\talt=\"propre_2011_09\"\n\t\t\t\t\tsrc=\"https:\/\/www.prouvy.be\/wp-content\/gallery\/operation-village-propre-2009\/thumbs\/thumbs_propre_2011_09.JPG\"\n\t\t\t\t\twidth=\"120\"\n\t\t\t\t\theight=\"90\"\n\t\t\t\t\tstyle=\"max-width:100%;\"\n\t\t\t\t\/>\n\t\t\t<\/a>\n\t\t<\/div>\n\t\t\t\t\t\t\t<\/div>\n\t\t\t\n\t\t\n\t\t\t\t<div id=\"ngg-image-1\" class=\"ngg-gallery-thumbnail-box\"\n\t\t\t\t\t\t\t\t\t\t\t>\n\t\t\t\t\t\t<div class=\"ngg-gallery-thumbnail\">\n\t\t\t<a href=\"https:\/\/www.prouvy.be\/wp-content\/gallery\/operation-village-propre-2009\/propre_2011_17.JPG\"\n\t\t\t\ttitle=\" \"\n\t\t\t\tdata-src=\"https:\/\/www.prouvy.be\/wp-content\/gallery\/operation-village-propre-2009\/propre_2011_17.JPG\"\n\t\t\t\tdata-thumbnail=\"https:\/\/www.prouvy.be\/wp-content\/gallery\/operation-village-propre-2009\/thumbs\/thumbs_propre_2011_17.JPG\"\n\t\t\t\tdata-image-id=\"898\"\n\t\t\t\tdata-title=\"propre_2011_17\"\n\t\t\t\tdata-description=\" \"\n\t\t\t\tdata-image-slug=\"propre_2011_17\"\n\t\t\t\tclass=\"ngg-fancybox\" rel=\"8787e4c23a2cb0648236e03675f1a517\">\n\t\t\t\t<img\n\t\t\t\t\ttitle=\"propre_2011_17\"\n\t\t\t\t\talt=\"propre_2011_17\"\n\t\t\t\t\tsrc=\"https:\/\/www.prouvy.be\/wp-content\/gallery\/operation-village-propre-2009\/thumbs\/thumbs_propre_2011_17.JPG\"\n\t\t\t\t\twidth=\"120\"\n\t\t\t\t\theight=\"90\"\n\t\t\t\t\tstyle=\"max-width:100%;\"\n\t\t\t\t\/>\n\t\t\t<\/a>\n\t\t<\/div>\n\t\t\t\t\t\t\t<\/div>\n\t\t\t\n\t\t\n\t\t\t\t<div id=\"ngg-image-2\" class=\"ngg-gallery-thumbnail-box\"\n\t\t\t\t\t\t\t\t\t\t\t>\n\t\t\t\t\t\t<div class=\"ngg-gallery-thumbnail\">\n\t\t\t<a href=\"https:\/\/www.prouvy.be\/wp-content\/gallery\/operation-village-propre-2009\/propre_2011_16.JPG\"\n\t\t\t\ttitle=\" \"\n\t\t\t\tdata-src=\"https:\/\/www.prouvy.be\/wp-content\/gallery\/operation-village-propre-2009\/propre_2011_16.JPG\"\n\t\t\t\tdata-thumbnail=\"https:\/\/www.prouvy.be\/wp-content\/gallery\/operation-village-propre-2009\/thumbs\/thumbs_propre_2011_16.JPG\"\n\t\t\t\tdata-image-id=\"897\"\n\t\t\t\tdata-title=\"propre_2011_16\"\n\t\t\t\tdata-description=\" \"\n\t\t\t\tdata-image-slug=\"propre_2011_16\"\n\t\t\t\tclass=\"ngg-fancybox\" rel=\"8787e4c23a2cb0648236e03675f1a517\">\n\t\t\t\t<img\n\t\t\t\t\ttitle=\"propre_2011_16\"\n\t\t\t\t\talt=\"propre_2011_16\"\n\t\t\t\t\tsrc=\"https:\/\/www.prouvy.be\/wp-content\/gallery\/operation-village-propre-2009\/thumbs\/thumbs_propre_2011_16.JPG\"\n\t\t\t\t\twidth=\"120\"\n\t\t\t\t\theight=\"90\"\n\t\t\t\t\tstyle=\"max-width:100%;\"\n\t\t\t\t\/>\n\t\t\t<\/a>\n\t\t<\/div>\n\t\t\t\t\t\t\t<\/div>\n\t\t\t\n\t\t\n\t\t\t\t<div id=\"ngg-image-3\" class=\"ngg-gallery-thumbnail-box\"\n\t\t\t\t\t\t\t\t\t\t\t>\n\t\t\t\t\t\t<div class=\"ngg-gallery-thumbnail\">\n\t\t\t<a href=\"https:\/\/www.prouvy.be\/wp-content\/gallery\/operation-village-propre-2009\/propre_2011_15.JPG\"\n\t\t\t\ttitle=\" \"\n\t\t\t\tdata-src=\"https:\/\/www.prouvy.be\/wp-content\/gallery\/operation-village-propre-2009\/propre_2011_15.JPG\"\n\t\t\t\tdata-thumbnail=\"https:\/\/www.prouvy.be\/wp-content\/gallery\/operation-village-propre-2009\/thumbs\/thumbs_propre_2011_15.JPG\"\n\t\t\t\tdata-image-id=\"896\"\n\t\t\t\tdata-title=\"propre_2011_15\"\n\t\t\t\tdata-description=\" \"\n\t\t\t\tdata-image-slug=\"propre_2011_15\"\n\t\t\t\tclass=\"ngg-fancybox\" rel=\"8787e4c23a2cb0648236e03675f1a517\">\n\t\t\t\t<img\n\t\t\t\t\ttitle=\"propre_2011_15\"\n\t\t\t\t\talt=\"propre_2011_15\"\n\t\t\t\t\tsrc=\"https:\/\/www.prouvy.be\/wp-content\/gallery\/operation-village-propre-2009\/thumbs\/thumbs_propre_2011_15.JPG\"\n\t\t\t\t\twidth=\"120\"\n\t\t\t\t\theight=\"90\"\n\t\t\t\t\tstyle=\"max-width:100%;\"\n\t\t\t\t\/>\n\t\t\t<\/a>\n\t\t<\/div>\n\t\t\t\t\t\t\t<\/div>\n\t\t\t\n\t\t\n\t\t\t\t<div id=\"ngg-image-4\" class=\"ngg-gallery-thumbnail-box\"\n\t\t\t\t\t\t\t\t\t\t\t>\n\t\t\t\t\t\t<div class=\"ngg-gallery-thumbnail\">\n\t\t\t<a href=\"https:\/\/www.prouvy.be\/wp-content\/gallery\/operation-village-propre-2009\/propre_2011_14.JPG\"\n\t\t\t\ttitle=\" \"\n\t\t\t\tdata-src=\"https:\/\/www.prouvy.be\/wp-content\/gallery\/operation-village-propre-2009\/propre_2011_14.JPG\"\n\t\t\t\tdata-thumbnail=\"https:\/\/www.prouvy.be\/wp-content\/gallery\/operation-village-propre-2009\/thumbs\/thumbs_propre_2011_14.JPG\"\n\t\t\t\tdata-image-id=\"895\"\n\t\t\t\tdata-title=\"propre_2011_14\"\n\t\t\t\tdata-description=\" \"\n\t\t\t\tdata-image-slug=\"propre_2011_14\"\n\t\t\t\tclass=\"ngg-fancybox\" rel=\"8787e4c23a2cb0648236e03675f1a517\">\n\t\t\t\t<img\n\t\t\t\t\ttitle=\"propre_2011_14\"\n\t\t\t\t\talt=\"propre_2011_14\"\n\t\t\t\t\tsrc=\"https:\/\/www.prouvy.be\/wp-content\/gallery\/operation-village-propre-2009\/thumbs\/thumbs_propre_2011_14.JPG\"\n\t\t\t\t\twidth=\"120\"\n\t\t\t\t\theight=\"90\"\n\t\t\t\t\tstyle=\"max-width:100%;\"\n\t\t\t\t\/>\n\t\t\t<\/a>\n\t\t<\/div>\n\t\t\t\t\t\t\t<\/div>\n\t\t\t\n\t\t\n\t\t\t\t<div id=\"ngg-image-5\" class=\"ngg-gallery-thumbnail-box\"\n\t\t\t\t\t\t\t\t\t\t\t>\n\t\t\t\t\t\t<div class=\"ngg-gallery-thumbnail\">\n\t\t\t<a href=\"https:\/\/www.prouvy.be\/wp-content\/gallery\/operation-village-propre-2009\/propre_2011_13.JPG\"\n\t\t\t\ttitle=\" \"\n\t\t\t\tdata-src=\"https:\/\/www.prouvy.be\/wp-content\/gallery\/operation-village-propre-2009\/propre_2011_13.JPG\"\n\t\t\t\tdata-thumbnail=\"https:\/\/www.prouvy.be\/wp-content\/gallery\/operation-village-propre-2009\/thumbs\/thumbs_propre_2011_13.JPG\"\n\t\t\t\tdata-image-id=\"894\"\n\t\t\t\tdata-title=\"propre_2011_13\"\n\t\t\t\tdata-description=\" \"\n\t\t\t\tdata-image-slug=\"propre_2011_13\"\n\t\t\t\tclass=\"ngg-fancybox\" rel=\"8787e4c23a2cb0648236e03675f1a517\">\n\t\t\t\t<img\n\t\t\t\t\ttitle=\"propre_2011_13\"\n\t\t\t\t\talt=\"propre_2011_13\"\n\t\t\t\t\tsrc=\"https:\/\/www.prouvy.be\/wp-content\/gallery\/operation-village-propre-2009\/thumbs\/thumbs_propre_2011_13.JPG\"\n\t\t\t\t\twidth=\"120\"\n\t\t\t\t\theight=\"90\"\n\t\t\t\t\tstyle=\"max-width:100%;\"\n\t\t\t\t\/>\n\t\t\t<\/a>\n\t\t<\/div>\n\t\t\t\t\t\t\t<\/div>\n\t\t\t\n\t\t\n\t\t\t\t<div id=\"ngg-image-6\" class=\"ngg-gallery-thumbnail-box\"\n\t\t\t\t\t\t\t\t\t\t\t>\n\t\t\t\t\t\t<div class=\"ngg-gallery-thumbnail\">\n\t\t\t<a href=\"https:\/\/www.prouvy.be\/wp-content\/gallery\/operation-village-propre-2009\/propre_2011_12.JPG\"\n\t\t\t\ttitle=\" \"\n\t\t\t\tdata-src=\"https:\/\/www.prouvy.be\/wp-content\/gallery\/operation-village-propre-2009\/propre_2011_12.JPG\"\n\t\t\t\tdata-thumbnail=\"https:\/\/www.prouvy.be\/wp-content\/gallery\/operation-village-propre-2009\/thumbs\/thumbs_propre_2011_12.JPG\"\n\t\t\t\tdata-image-id=\"893\"\n\t\t\t\tdata-title=\"propre_2011_12\"\n\t\t\t\tdata-description=\" \"\n\t\t\t\tdata-image-slug=\"propre_2011_12\"\n\t\t\t\tclass=\"ngg-fancybox\" rel=\"8787e4c23a2cb0648236e03675f1a517\">\n\t\t\t\t<img\n\t\t\t\t\ttitle=\"propre_2011_12\"\n\t\t\t\t\talt=\"propre_2011_12\"\n\t\t\t\t\tsrc=\"https:\/\/www.prouvy.be\/wp-content\/gallery\/operation-village-propre-2009\/thumbs\/thumbs_propre_2011_12.JPG\"\n\t\t\t\t\twidth=\"120\"\n\t\t\t\t\theight=\"90\"\n\t\t\t\t\tstyle=\"max-width:100%;\"\n\t\t\t\t\/>\n\t\t\t<\/a>\n\t\t<\/div>\n\t\t\t\t\t\t\t<\/div>\n\t\t\t\n\t\t\n\t\t\t\t<div id=\"ngg-image-7\" class=\"ngg-gallery-thumbnail-box\"\n\t\t\t\t\t\t\t\t\t\t\t>\n\t\t\t\t\t\t<div class=\"ngg-gallery-thumbnail\">\n\t\t\t<a href=\"https:\/\/www.prouvy.be\/wp-content\/gallery\/operation-village-propre-2009\/propre_2011_11.JPG\"\n\t\t\t\ttitle=\" \"\n\t\t\t\tdata-src=\"https:\/\/www.prouvy.be\/wp-content\/gallery\/operation-village-propre-2009\/propre_2011_11.JPG\"\n\t\t\t\tdata-thumbnail=\"https:\/\/www.prouvy.be\/wp-content\/gallery\/operation-village-propre-2009\/thumbs\/thumbs_propre_2011_11.JPG\"\n\t\t\t\tdata-image-id=\"892\"\n\t\t\t\tdata-title=\"propre_2011_11\"\n\t\t\t\tdata-description=\" \"\n\t\t\t\tdata-image-slug=\"propre_2011_11\"\n\t\t\t\tclass=\"ngg-fancybox\" rel=\"8787e4c23a2cb0648236e03675f1a517\">\n\t\t\t\t<img\n\t\t\t\t\ttitle=\"propre_2011_11\"\n\t\t\t\t\talt=\"propre_2011_11\"\n\t\t\t\t\tsrc=\"https:\/\/www.prouvy.be\/wp-content\/gallery\/operation-village-propre-2009\/thumbs\/thumbs_propre_2011_11.JPG\"\n\t\t\t\t\twidth=\"120\"\n\t\t\t\t\theight=\"90\"\n\t\t\t\t\tstyle=\"max-width:100%;\"\n\t\t\t\t\/>\n\t\t\t<\/a>\n\t\t<\/div>\n\t\t\t\t\t\t\t<\/div>\n\t\t\t\n\t\t\n\t\t\t\t<div id=\"ngg-image-8\" class=\"ngg-gallery-thumbnail-box\"\n\t\t\t\t\t\t\t\t\t\t\t>\n\t\t\t\t\t\t<div class=\"ngg-gallery-thumbnail\">\n\t\t\t<a href=\"https:\/\/www.prouvy.be\/wp-content\/gallery\/operation-village-propre-2009\/propre_2011_10.JPG\"\n\t\t\t\ttitle=\" \"\n\t\t\t\tdata-src=\"https:\/\/www.prouvy.be\/wp-content\/gallery\/operation-village-propre-2009\/propre_2011_10.JPG\"\n\t\t\t\tdata-thumbnail=\"https:\/\/www.prouvy.be\/wp-content\/gallery\/operation-village-propre-2009\/thumbs\/thumbs_propre_2011_10.JPG\"\n\t\t\t\tdata-image-id=\"891\"\n\t\t\t\tdata-title=\"propre_2011_10\"\n\t\t\t\tdata-description=\" \"\n\t\t\t\tdata-image-slug=\"propre_2011_10\"\n\t\t\t\tclass=\"ngg-fancybox\" rel=\"8787e4c23a2cb0648236e03675f1a517\">\n\t\t\t\t<img\n\t\t\t\t\ttitle=\"propre_2011_10\"\n\t\t\t\t\talt=\"propre_2011_10\"\n\t\t\t\t\tsrc=\"https:\/\/www.prouvy.be\/wp-content\/gallery\/operation-village-propre-2009\/thumbs\/thumbs_propre_2011_10.JPG\"\n\t\t\t\t\twidth=\"120\"\n\t\t\t\t\theight=\"90\"\n\t\t\t\t\tstyle=\"max-width:100%;\"\n\t\t\t\t\/>\n\t\t\t<\/a>\n\t\t<\/div>\n\t\t\t\t\t\t\t<\/div>\n\t\t\t\n\t\t\n\t\t\t\t<div id=\"ngg-image-9\" class=\"ngg-gallery-thumbnail-box\"\n\t\t\t\t\t\t\t\t\t\t\t>\n\t\t\t\t\t\t<div class=\"ngg-gallery-thumbnail\">\n\t\t\t<a href=\"https:\/\/www.prouvy.be\/wp-content\/gallery\/operation-village-propre-2009\/propre_2011_01.JPG\"\n\t\t\t\ttitle=\"\"\n\t\t\t\tdata-src=\"https:\/\/www.prouvy.be\/wp-content\/gallery\/operation-village-propre-2009\/propre_2011_01.JPG\"\n\t\t\t\tdata-thumbnail=\"https:\/\/www.prouvy.be\/wp-content\/gallery\/operation-village-propre-2009\/thumbs\/thumbs_propre_2011_01.JPG\"\n\t\t\t\tdata-image-id=\"882\"\n\t\t\t\tdata-title=\"propre_2011_01\"\n\t\t\t\tdata-description=\"\"\n\t\t\t\tdata-image-slug=\"propre_2011_01\"\n\t\t\t\tclass=\"ngg-fancybox\" rel=\"8787e4c23a2cb0648236e03675f1a517\">\n\t\t\t\t<img\n\t\t\t\t\ttitle=\"propre_2011_01\"\n\t\t\t\t\talt=\"propre_2011_01\"\n\t\t\t\t\tsrc=\"https:\/\/www.prouvy.be\/wp-content\/gallery\/operation-village-propre-2009\/thumbs\/thumbs_propre_2011_01.JPG\"\n\t\t\t\t\twidth=\"120\"\n\t\t\t\t\theight=\"90\"\n\t\t\t\t\tstyle=\"max-width:100%;\"\n\t\t\t\t\/>\n\t\t\t<\/a>\n\t\t<\/div>\n\t\t\t\t\t\t\t<\/div>\n\t\t\t\n\t\t\n\t\t\t\t<div id=\"ngg-image-10\" class=\"ngg-gallery-thumbnail-box\"\n\t\t\t\t\t\t\t\t\t\t\t>\n\t\t\t\t\t\t<div class=\"ngg-gallery-thumbnail\">\n\t\t\t<a href=\"https:\/\/www.prouvy.be\/wp-content\/gallery\/operation-village-propre-2009\/propre_2011_08.JPG\"\n\t\t\t\ttitle=\" \"\n\t\t\t\tdata-src=\"https:\/\/www.prouvy.be\/wp-content\/gallery\/operation-village-propre-2009\/propre_2011_08.JPG\"\n\t\t\t\tdata-thumbnail=\"https:\/\/www.prouvy.be\/wp-content\/gallery\/operation-village-propre-2009\/thumbs\/thumbs_propre_2011_08.JPG\"\n\t\t\t\tdata-image-id=\"889\"\n\t\t\t\tdata-title=\"propre_2011_08\"\n\t\t\t\tdata-description=\" \"\n\t\t\t\tdata-image-slug=\"propre_2011_08\"\n\t\t\t\tclass=\"ngg-fancybox\" rel=\"8787e4c23a2cb0648236e03675f1a517\">\n\t\t\t\t<img\n\t\t\t\t\ttitle=\"propre_2011_08\"\n\t\t\t\t\talt=\"propre_2011_08\"\n\t\t\t\t\tsrc=\"https:\/\/www.prouvy.be\/wp-content\/gallery\/operation-village-propre-2009\/thumbs\/thumbs_propre_2011_08.JPG\"\n\t\t\t\t\twidth=\"120\"\n\t\t\t\t\theight=\"90\"\n\t\t\t\t\tstyle=\"max-width:100%;\"\n\t\t\t\t\/>\n\t\t\t<\/a>\n\t\t<\/div>\n\t\t\t\t\t\t\t<\/div>\n\t\t\t\n\t\t\n\t\t\t\t<div id=\"ngg-image-11\" class=\"ngg-gallery-thumbnail-box\"\n\t\t\t\t\t\t\t\t\t\t\t>\n\t\t\t\t\t\t<div class=\"ngg-gallery-thumbnail\">\n\t\t\t<a href=\"https:\/\/www.prouvy.be\/wp-content\/gallery\/operation-village-propre-2009\/propre_2011_07.JPG\"\n\t\t\t\ttitle=\" \"\n\t\t\t\tdata-src=\"https:\/\/www.prouvy.be\/wp-content\/gallery\/operation-village-propre-2009\/propre_2011_07.JPG\"\n\t\t\t\tdata-thumbnail=\"https:\/\/www.prouvy.be\/wp-content\/gallery\/operation-village-propre-2009\/thumbs\/thumbs_propre_2011_07.JPG\"\n\t\t\t\tdata-image-id=\"888\"\n\t\t\t\tdata-title=\"propre_2011_07\"\n\t\t\t\tdata-description=\" \"\n\t\t\t\tdata-image-slug=\"propre_2011_07\"\n\t\t\t\tclass=\"ngg-fancybox\" rel=\"8787e4c23a2cb0648236e03675f1a517\">\n\t\t\t\t<img\n\t\t\t\t\ttitle=\"propre_2011_07\"\n\t\t\t\t\talt=\"propre_2011_07\"\n\t\t\t\t\tsrc=\"https:\/\/www.prouvy.be\/wp-content\/gallery\/operation-village-propre-2009\/thumbs\/thumbs_propre_2011_07.JPG\"\n\t\t\t\t\twidth=\"120\"\n\t\t\t\t\theight=\"90\"\n\t\t\t\t\tstyle=\"max-width:100%;\"\n\t\t\t\t\/>\n\t\t\t<\/a>\n\t\t<\/div>\n\t\t\t\t\t\t\t<\/div>\n\t\t\t\n\t\t\n\t\t\t\t<div id=\"ngg-image-12\" class=\"ngg-gallery-thumbnail-box\"\n\t\t\t\t\t\t\t\t\t\t\t>\n\t\t\t\t\t\t<div class=\"ngg-gallery-thumbnail\">\n\t\t\t<a href=\"https:\/\/www.prouvy.be\/wp-content\/gallery\/operation-village-propre-2009\/propre_2011_06.JPG\"\n\t\t\t\ttitle=\" \"\n\t\t\t\tdata-src=\"https:\/\/www.prouvy.be\/wp-content\/gallery\/operation-village-propre-2009\/propre_2011_06.JPG\"\n\t\t\t\tdata-thumbnail=\"https:\/\/www.prouvy.be\/wp-content\/gallery\/operation-village-propre-2009\/thumbs\/thumbs_propre_2011_06.JPG\"\n\t\t\t\tdata-image-id=\"887\"\n\t\t\t\tdata-title=\"propre_2011_06\"\n\t\t\t\tdata-description=\" \"\n\t\t\t\tdata-image-slug=\"propre_2011_06\"\n\t\t\t\tclass=\"ngg-fancybox\" rel=\"8787e4c23a2cb0648236e03675f1a517\">\n\t\t\t\t<img\n\t\t\t\t\ttitle=\"propre_2011_06\"\n\t\t\t\t\talt=\"propre_2011_06\"\n\t\t\t\t\tsrc=\"https:\/\/www.prouvy.be\/wp-content\/gallery\/operation-village-propre-2009\/thumbs\/thumbs_propre_2011_06.JPG\"\n\t\t\t\t\twidth=\"120\"\n\t\t\t\t\theight=\"90\"\n\t\t\t\t\tstyle=\"max-width:100%;\"\n\t\t\t\t\/>\n\t\t\t<\/a>\n\t\t<\/div>\n\t\t\t\t\t\t\t<\/div>\n\t\t\t\n\t\t\n\t\t\t\t<div id=\"ngg-image-13\" class=\"ngg-gallery-thumbnail-box\"\n\t\t\t\t\t\t\t\t\t\t\t>\n\t\t\t\t\t\t<div class=\"ngg-gallery-thumbnail\">\n\t\t\t<a href=\"https:\/\/www.prouvy.be\/wp-content\/gallery\/operation-village-propre-2009\/propre_2011_05.JPG\"\n\t\t\t\ttitle=\" \"\n\t\t\t\tdata-src=\"https:\/\/www.prouvy.be\/wp-content\/gallery\/operation-village-propre-2009\/propre_2011_05.JPG\"\n\t\t\t\tdata-thumbnail=\"https:\/\/www.prouvy.be\/wp-content\/gallery\/operation-village-propre-2009\/thumbs\/thumbs_propre_2011_05.JPG\"\n\t\t\t\tdata-image-id=\"886\"\n\t\t\t\tdata-title=\"propre_2011_05\"\n\t\t\t\tdata-description=\" \"\n\t\t\t\tdata-image-slug=\"propre_2011_05\"\n\t\t\t\tclass=\"ngg-fancybox\" rel=\"8787e4c23a2cb0648236e03675f1a517\">\n\t\t\t\t<img\n\t\t\t\t\ttitle=\"propre_2011_05\"\n\t\t\t\t\talt=\"propre_2011_05\"\n\t\t\t\t\tsrc=\"https:\/\/www.prouvy.be\/wp-content\/gallery\/operation-village-propre-2009\/thumbs\/thumbs_propre_2011_05.JPG\"\n\t\t\t\t\twidth=\"120\"\n\t\t\t\t\theight=\"90\"\n\t\t\t\t\tstyle=\"max-width:100%;\"\n\t\t\t\t\/>\n\t\t\t<\/a>\n\t\t<\/div>\n\t\t\t\t\t\t\t<\/div>\n\t\t\t\n\t\t\n\t\t\t\t<div id=\"ngg-image-14\" class=\"ngg-gallery-thumbnail-box\"\n\t\t\t\t\t\t\t\t\t\t\t>\n\t\t\t\t\t\t<div class=\"ngg-gallery-thumbnail\">\n\t\t\t<a href=\"https:\/\/www.prouvy.be\/wp-content\/gallery\/operation-village-propre-2009\/propre_2011_04.JPG\"\n\t\t\t\ttitle=\" \"\n\t\t\t\tdata-src=\"https:\/\/www.prouvy.be\/wp-content\/gallery\/operation-village-propre-2009\/propre_2011_04.JPG\"\n\t\t\t\tdata-thumbnail=\"https:\/\/www.prouvy.be\/wp-content\/gallery\/operation-village-propre-2009\/thumbs\/thumbs_propre_2011_04.JPG\"\n\t\t\t\tdata-image-id=\"885\"\n\t\t\t\tdata-title=\"propre_2011_04\"\n\t\t\t\tdata-description=\" \"\n\t\t\t\tdata-image-slug=\"propre_2011_04\"\n\t\t\t\tclass=\"ngg-fancybox\" rel=\"8787e4c23a2cb0648236e03675f1a517\">\n\t\t\t\t<img\n\t\t\t\t\ttitle=\"propre_2011_04\"\n\t\t\t\t\talt=\"propre_2011_04\"\n\t\t\t\t\tsrc=\"https:\/\/www.prouvy.be\/wp-content\/gallery\/operation-village-propre-2009\/thumbs\/thumbs_propre_2011_04.JPG\"\n\t\t\t\t\twidth=\"120\"\n\t\t\t\t\theight=\"90\"\n\t\t\t\t\tstyle=\"max-width:100%;\"\n\t\t\t\t\/>\n\t\t\t<\/a>\n\t\t<\/div>\n\t\t\t\t\t\t\t<\/div>\n\t\t\t\n\t\t\n\t\t\t\t<div id=\"ngg-image-15\" class=\"ngg-gallery-thumbnail-box\"\n\t\t\t\t\t\t\t\t\t\t\t>\n\t\t\t\t\t\t<div class=\"ngg-gallery-thumbnail\">\n\t\t\t<a href=\"https:\/\/www.prouvy.be\/wp-content\/gallery\/operation-village-propre-2009\/propre_2011_03.JPG\"\n\t\t\t\ttitle=\" \"\n\t\t\t\tdata-src=\"https:\/\/www.prouvy.be\/wp-content\/gallery\/operation-village-propre-2009\/propre_2011_03.JPG\"\n\t\t\t\tdata-thumbnail=\"https:\/\/www.prouvy.be\/wp-content\/gallery\/operation-village-propre-2009\/thumbs\/thumbs_propre_2011_03.JPG\"\n\t\t\t\tdata-image-id=\"884\"\n\t\t\t\tdata-title=\"propre_2011_03\"\n\t\t\t\tdata-description=\" \"\n\t\t\t\tdata-image-slug=\"propre_2011_03\"\n\t\t\t\tclass=\"ngg-fancybox\" rel=\"8787e4c23a2cb0648236e03675f1a517\">\n\t\t\t\t<img\n\t\t\t\t\ttitle=\"propre_2011_03\"\n\t\t\t\t\talt=\"propre_2011_03\"\n\t\t\t\t\tsrc=\"https:\/\/www.prouvy.be\/wp-content\/gallery\/operation-village-propre-2009\/thumbs\/thumbs_propre_2011_03.JPG\"\n\t\t\t\t\twidth=\"120\"\n\t\t\t\t\theight=\"90\"\n\t\t\t\t\tstyle=\"max-width:100%;\"\n\t\t\t\t\/>\n\t\t\t<\/a>\n\t\t<\/div>\n\t\t\t\t\t\t\t<\/div>\n\t\t\t\n\t\t\n\t\t\t\t<div id=\"ngg-image-16\" class=\"ngg-gallery-thumbnail-box\"\n\t\t\t\t\t\t\t\t\t\t\t>\n\t\t\t\t\t\t<div class=\"ngg-gallery-thumbnail\">\n\t\t\t<a href=\"https:\/\/www.prouvy.be\/wp-content\/gallery\/operation-village-propre-2009\/propre_2011_02.JPG\"\n\t\t\t\ttitle=\" \"\n\t\t\t\tdata-src=\"https:\/\/www.prouvy.be\/wp-content\/gallery\/operation-village-propre-2009\/propre_2011_02.JPG\"\n\t\t\t\tdata-thumbnail=\"https:\/\/www.prouvy.be\/wp-content\/gallery\/operation-village-propre-2009\/thumbs\/thumbs_propre_2011_02.JPG\"\n\t\t\t\tdata-image-id=\"883\"\n\t\t\t\tdata-title=\"propre_2011_02\"\n\t\t\t\tdata-description=\" \"\n\t\t\t\tdata-image-slug=\"propre_2011_02\"\n\t\t\t\tclass=\"ngg-fancybox\" rel=\"8787e4c23a2cb0648236e03675f1a517\">\n\t\t\t\t<img\n\t\t\t\t\ttitle=\"propre_2011_02\"\n\t\t\t\t\talt=\"propre_2011_02\"\n\t\t\t\t\tsrc=\"https:\/\/www.prouvy.be\/wp-content\/gallery\/operation-village-propre-2009\/thumbs\/thumbs_propre_2011_02.JPG\"\n\t\t\t\t\twidth=\"120\"\n\t\t\t\t\theight=\"90\"\n\t\t\t\t\tstyle=\"max-width:100%;\"\n\t\t\t\t\/>\n\t\t\t<\/a>\n\t\t<\/div>\n\t\t\t\t\t\t\t<\/div>\n\t\t\t\n\t\t\n\t\t\n\t\t<!-- Pagination -->\n\t\t<div class='ngg-clear'><\/div>\t<\/div>\n<\/p>\n","protected":false},"excerpt":{"rendered":"<p>En cette magnifique journ\u00e9e du 9 avril, 24 b\u00e9n\u00e9voles s\u2019\u00e9taient de nouveau mobilis\u00e9s pour la d\u00e9sormais habituelle \u201coperation village propre\u201d. Comme d\u2019habitude a Prouvy, ils ont r\u00e9pndu pr\u00e9sent car motiv\u00e9s pour maintenir leur environnement aussi propre que possible. Malheureusement, encore trop de d\u00e9tritus de toutes sortes furent ramen\u00e9s, mais qu\u2019importe, gr\u00e0ce a la participation de &hellip; <a href=\"https:\/\/www.prouvy.be\/?page_id=2564\" class=\"more-link\">Continuer la lecture de <span class=\"screen-reader-text\">Op\u00e9ration Village Propre<\/span>  <span class=\"meta-nav\">&rarr;<\/span><\/a><\/p>\n","protected":false},"author":1,"featured_media":2602,"parent":2347,"menu_order":0,"comment_status":"open","ping_status":"open","template":"","meta":{"ngg_post_thumbnail":0,"footnotes":""},"class_list":["post-2564","page","type-page","status-publish","has-post-thumbnail","hentry"],"post_mailing_queue_ids":[],"_links":{"self":[{"href":"https:\/\/www.prouvy.be\/index.php?rest_route=\/wp\/v2\/pages\/2564","targetHints":{"allow":["GET"]}}],"collection":[{"href":"https:\/\/www.prouvy.be\/index.php?rest_route=\/wp\/v2\/pages"}],"about":[{"href":"https:\/\/www.prouvy.be\/index.php?rest_route=\/wp\/v2\/types\/page"}],"author":[{"embeddable":true,"href":"https:\/\/www.prouvy.be\/index.php?rest_route=\/wp\/v2\/users\/1"}],"replies":[{"embeddable":true,"href":"https:\/\/www.prouvy.be\/index.php?rest_route=%2Fwp%2Fv2%2Fcomments&post=2564"}],"version-history":[{"count":1,"href":"https:\/\/www.prouvy.be\/index.php?rest_route=\/wp\/v2\/pages\/2564\/revisions"}],"predecessor-version":[{"id":2603,"href":"https:\/\/www.prouvy.be\/index.php?rest_route=\/wp\/v2\/pages\/2564\/revisions\/2603"}],"up":[{"embeddable":true,"href":"https:\/\/www.prouvy.be\/index.php?rest_route=\/wp\/v2\/pages\/2347"}],"wp:featuredmedia":[{"embeddable":true,"href":"https:\/\/www.prouvy.be\/index.php?rest_route=\/wp\/v2\/media\/2602"}],"wp:attachment":[{"href":"https:\/\/www.prouvy.be\/index.php?rest_route=%2Fwp%2Fv2%2Fmedia&parent=2564"}],"curies":[{"name":"wp","href":"https:\/\/api.w.org\/{rel}","templated":true}]}}