{"id":25,"date":"2014-06-25T22:06:33","date_gmt":"2014-06-25T20:06:33","guid":{"rendered":"http:\/\/new.prouvy.be\/?page_id=25"},"modified":"2015-02-02T21:34:25","modified_gmt":"2015-02-02T20:34:25","slug":"lasbl-la-provoncoise","status":"publish","type":"page","link":"https:\/\/www.prouvy.be\/?page_id=25","title":{"rendered":"L&rsquo;ASBL La Provon\u00e7oise"},"content":{"rendered":"<div id=\"fb-root\"><\/div>\n<p style=\"color: #000000;\">Son origine, sa raison d\u2018\u00eatre, et demain\u2026<\/p>\n<p style=\"color: #000000;\">D\u00e9but des ann\u00e9es 60, quelques habitants du village ressentent le besoin de se retrouver pour discuter, boire un verre, organiser des manifestations ; bref, se distraire.<\/p>\n<p style=\"color: #000000;\">Ils d\u00e9cident alors de cr\u00e9er une\u00a0<span class=\"caps\">ASBL<\/span>\u00a0destin\u00e9e \u00e0 mettre de l\u2019animation au village.<\/p>\n<p style=\"color: #000000;\">Ils la baptis\u00e8rent \u00ab La Provon\u00e7oise \u00bb du nom des habitants de Prouvy.<\/p>\n<p style=\"color: #000000;\">Les pionniers se retrouvent devant notaire le 30 novembre 1965 pour fixer les statuts. Dans ceux-ci, parus au Moniteur, on peut notamment trouver l\u2019objectif de cette\u00a0<span class=\"caps\">ASBL<\/span>\u00a0:<\/p>\n<p style=\"color: #000000;\">\u00ab L\u2019association a pour objet, en dehors de toute pr\u00e9occupation politique ou philosophique, l\u2019agr\u00e9ment de ses membres par la constitution d\u2019un centre de r\u00e9unions amicales et l\u2019exercice de toutes activit\u00e9s culturelles, \u00e9ducatives, artistiques et sportives pouvant y contribuer \u00bb. En tant que membre, il faut comprendre \u00ab Fait partie de l\u2019association tout habitant de Prouvy \u00bb.<\/p>\n<p style=\"color: #000000;\">Les administrateurs sont r\u00e9\u00e9ligibles tous les 3 ans. En fait tout habitant(e) peut \u00eatre candidat(e) lors de l\u2019Assembl\u00e9e G\u00e9n\u00e9rale et est \u00e9lu(e) d\u2019office. Ensuite, on votera pour d\u00e9signer pr\u00e9sident(e), vice-pr\u00e9sident(e), secr\u00e9taire et tr\u00e9sorier(e) parmi les candidat(e)s \u00e0 ces diff\u00e9rents postes.<\/p>\n<p style=\"color: #000000;\">Les pr\u00e9sidents jusqu\u2019\u00e0 ce jour furent : Louis Homel, Marius Protin, Michel Richard, Jean-Pol Gu\u00e9rin, Jean-Luc Homel, Pierre Herbin, Marc Th\u00e9venin, Jean-Pierre Albert, Claude Protin et G\u00e9rard Bechoux.<\/p>\n<p style=\"color: #000000;\">Lorsque l\u2019ASBL fut cr\u00e9\u00e9e, il fallut trouver un local pour s\u2019y r\u00e9unir. Une ancienne maison situ\u00e9e au centre du village fut achet\u00e9e \u00e0 l\u2019administration communale. Elle servait auparavant d\u2019\u00e9cole maternelle. Le b\u00e2timent fut transform\u00e9 et baptis\u00e9 \u201cLa Chaumi\u00e8re\u201d.<\/p>\n<p style=\"color: #000000;\">De tr\u00e8s nombreuses activit\u00e9s se d\u00e9rouleront dans cette maison de village. On peut citer entre autres : les banquets de St-Eloi, des bals avec orchestre, des concours de bowling, des repr\u00e9sentations th\u00e9\u00e2trales, la f\u00eate de St-Nicolas, le carnaval des enfants, \u2026<\/p>\n<p style=\"color: #000000;\">Mais en dehors de ses murs, le comit\u00e9 organisera \u00e9galement d\u2019autres festivit\u00e9s telles que : la f\u00eate annuelle bien connue dans toute la r\u00e9gion, des jeux inter-villages, des rallyes touristiques, des barbecues,\u2026<\/p>\n<p style=\"color: #000000;\">Pour chacune de ces activit\u00e9s, un toutes-boites est distribu\u00e9 dans toutes les habitations, preuve que l\u2019ASBL a \u00e9t\u00e9 et reste destin\u00e9e \u00e0 l\u2019ensemble de la communaut\u00e9, sans restriction.<\/p>\n<p style=\"color: #000000;\">Sans aucun doute, \u00ab La Provon\u00e7oise \u00bb aura depuis sa cr\u00e9ation marqu\u00e9 la vie associative du petit village.<\/p>\n<p style=\"color: #000000;\">Remercions d\u00e8s lors toutes celles et ceux qui de pr\u00e8s ou de loin ont particip\u00e9 \u00e0 sa cr\u00e9ation et contribu\u00e9 \u00e0 son \u00e9panouissement.<br \/>\nCes femmes et ces hommes ont d\u00e9velopp\u00e9 un patrimoine d\u2019une immense richesse. Celle de l\u2019amiti\u00e9.<\/p>\n<p style=\"color: #000000;\">Que les g\u00e9n\u00e9rations futures conservent cet esprit de village, rassembl\u00e9es au sein de notre association.<\/p>\n","protected":false},"excerpt":{"rendered":"<p>Son origine, sa raison d\u2018\u00eatre, et demain\u2026 D\u00e9but des ann\u00e9es 60, quelques habitants du village ressentent le besoin de se retrouver pour discuter, boire un verre, organiser des manifestations ; bref, se distraire. Ils d\u00e9cident alors de cr\u00e9er une\u00a0ASBL\u00a0destin\u00e9e \u00e0 mettre de l\u2019animation au village. Ils la baptis\u00e8rent \u00ab La Provon\u00e7oise \u00bb du nom des &hellip; <a href=\"https:\/\/www.prouvy.be\/?page_id=25\" class=\"more-link\">Continuer la lecture de <span class=\"screen-reader-text\">L&rsquo;ASBL La Provon\u00e7oise<\/span>  <span class=\"meta-nav\">&rarr;<\/span><\/a><\/p>\n","protected":false},"author":1,"featured_media":0,"parent":324,"menu_order":0,"comment_status":"open","ping_status":"closed","template":"","meta":{"ngg_post_thumbnail":0,"footnotes":""},"class_list":["post-25","page","type-page","status-publish","hentry"],"post_mailing_queue_ids":[],"_links":{"self":[{"href":"https:\/\/www.prouvy.be\/index.php?rest_route=\/wp\/v2\/pages\/25","targetHints":{"allow":["GET"]}}],"collection":[{"href":"https:\/\/www.prouvy.be\/index.php?rest_route=\/wp\/v2\/pages"}],"about":[{"href":"https:\/\/www.prouvy.be\/index.php?rest_route=\/wp\/v2\/types\/page"}],"author":[{"embeddable":true,"href":"https:\/\/www.prouvy.be\/index.php?rest_route=\/wp\/v2\/users\/1"}],"replies":[{"embeddable":true,"href":"https:\/\/www.prouvy.be\/index.php?rest_route=%2Fwp%2Fv2%2Fcomments&post=25"}],"version-history":[{"count":6,"href":"https:\/\/www.prouvy.be\/index.php?rest_route=\/wp\/v2\/pages\/25\/revisions"}],"predecessor-version":[{"id":3709,"href":"https:\/\/www.prouvy.be\/index.php?rest_route=\/wp\/v2\/pages\/25\/revisions\/3709"}],"up":[{"embeddable":true,"href":"https:\/\/www.prouvy.be\/index.php?rest_route=\/wp\/v2\/pages\/324"}],"wp:attachment":[{"href":"https:\/\/www.prouvy.be\/index.php?rest_route=%2Fwp%2Fv2%2Fmedia&parent=25"}],"curies":[{"name":"wp","href":"https:\/\/api.w.org\/{rel}","templated":true}]}}