{"id":172,"date":"2014-06-26T00:12:28","date_gmt":"2014-06-25T22:12:28","guid":{"rendered":"http:\/\/new.prouvy.be\/?page_id=172"},"modified":"2014-07-19T23:41:06","modified_gmt":"2014-07-19T21:41:06","slug":"le-calvaire-de-la-croix-bouillot","status":"publish","type":"page","link":"https:\/\/www.prouvy.be\/?page_id=172","title":{"rendered":"Le calvaire de la Croix Bouillot"},"content":{"rendered":"<div id=\"fb-root\"><\/div>\n<p style=\"color: #000000;\">Il n\u2019est sans doute pas inutile de rappeler l\u2019origine de ce calvaire. Dans \u201c L\u2019histoire de Jamoigne \u201c ( 1909 ), l\u2019abb\u00e9 Tilli\u00e8re raconte qu\u2019un certain Monsieur Bouillot aurait \u00e9rig\u00e9 une croix \u00e0 cet endroit car il avait des difficult\u00e9s pour retrouver son chemin en revenant de Jamoigne. On peut supposer qu\u2019il s\u2019agissait d\u2019une \u00e9poque o\u00f9 les voies de communication n\u2019avaient rien de celles d\u2019aujourd\u2019hui.<\/p>\n<p style=\"color: #000000;\">Vers 1980, la croix a \u00e9t\u00e9 renvers\u00e9e accidentellement par une voiture. Le malheureux conducteur r\u00e9parera lui-m\u00eame ses d\u00e9g\u00e2ts avec d\u2019autres Provon\u00e7ois.<\/p>\n<p style=\"color: #000000;\">Le 11 juillet 2008, \u00e0 la demande d\u2019habitants de Prouvy, le service des travaux de la Ville de Chiny coupe la croix car elle menace s\u00e9rieusement de tomber. Sa base est pourrie dans le b\u00e9ton. Une nouvelle croix est remise en place le 3 septembre par le Service des Travaux de la Ville de Chiny.Malheureusement, elle a perdu son caract\u00e8re rustique et champ\u00eatre. Elle est fabriqu\u00e9e dans du ch\u00eane coup\u00e9 en section carr\u00e9e. Auparavant, elle \u00e9tait constitu\u00e9e de deux troncs bruts, non travaill\u00e9s ni rabot\u00e9s. Le Christ n\u2019a pas \u00e9t\u00e9 remont\u00e9 de suite car il \u00e9tait tr\u00e8s abim\u00e9. Apr\u00e8s recollage des morceaux cass\u00e9s, il est d\u00e9cap\u00e9 par Mich\u00e8le Jacques et il sera choisi de ne pas le repeindre mais de laisser le b\u00e9ton \u00e0 nu avec plusieurs couches d\u2019hydrofuge. Il sera refix\u00e9 le 15 mai 2009.<\/p>\n<p style=\"color: #000000;\">Esp\u00e9rons qu\u2019il reste le bon rep\u00e8re des Provon\u00e7oises et Provon\u00e7ois tr\u00e8s longtemps encore.Merci Monsieur Bouillot pour votre h\u00e9ritage qui est devenu patrimoine de notre petit village.<\/p>\n<div id='gallery-1' class='gallery galleryid-172 gallery-columns-3 gallery-size-thumbnail'><figure class='gallery-item'>\n\t\t\t<div class='gallery-icon landscape'>\n\t\t\t\t<a href='https:\/\/www.prouvy.be\/?attachment_id=173'><img loading=\"lazy\" decoding=\"async\" width=\"150\" height=\"150\" src=\"https:\/\/www.prouvy.be\/wp-content\/uploads\/2014\/06\/croix_01-150x150.jpg\" class=\"attachment-thumbnail size-thumbnail\" alt=\"\" \/><\/a>\n\t\t\t<\/div><\/figure><figure class='gallery-item'>\n\t\t\t<div class='gallery-icon landscape'>\n\t\t\t\t<a href='https:\/\/www.prouvy.be\/?attachment_id=174'><img loading=\"lazy\" decoding=\"async\" width=\"150\" height=\"150\" src=\"https:\/\/www.prouvy.be\/wp-content\/uploads\/2014\/06\/croix_02-150x150.jpg\" class=\"attachment-thumbnail size-thumbnail\" alt=\"\" \/><\/a>\n\t\t\t<\/div><\/figure><figure class='gallery-item'>\n\t\t\t<div class='gallery-icon landscape'>\n\t\t\t\t<a href='https:\/\/www.prouvy.be\/?attachment_id=175'><img loading=\"lazy\" decoding=\"async\" width=\"150\" height=\"150\" src=\"https:\/\/www.prouvy.be\/wp-content\/uploads\/2014\/06\/croix_03-150x150.jpg\" class=\"attachment-thumbnail size-thumbnail\" alt=\"\" \/><\/a>\n\t\t\t<\/div><\/figure><figure class='gallery-item'>\n\t\t\t<div class='gallery-icon landscape'>\n\t\t\t\t<a href='https:\/\/www.prouvy.be\/?attachment_id=176'><img loading=\"lazy\" decoding=\"async\" width=\"150\" height=\"150\" src=\"https:\/\/www.prouvy.be\/wp-content\/uploads\/2014\/06\/croix_04-150x150.jpg\" class=\"attachment-thumbnail size-thumbnail\" alt=\"\" \/><\/a>\n\t\t\t<\/div><\/figure><figure class='gallery-item'>\n\t\t\t<div class='gallery-icon portrait'>\n\t\t\t\t<a href='https:\/\/www.prouvy.be\/?attachment_id=177'><img loading=\"lazy\" decoding=\"async\" width=\"150\" height=\"150\" src=\"https:\/\/www.prouvy.be\/wp-content\/uploads\/2014\/06\/croix_05-150x150.jpg\" class=\"attachment-thumbnail size-thumbnail\" alt=\"\" \/><\/a>\n\t\t\t<\/div><\/figure>\n\t\t<\/div>\n\n","protected":false},"excerpt":{"rendered":"<p>Il n\u2019est sans doute pas inutile de rappeler l\u2019origine de ce calvaire. Dans \u201c L\u2019histoire de Jamoigne \u201c ( 1909 ), l\u2019abb\u00e9 Tilli\u00e8re raconte qu\u2019un certain Monsieur Bouillot aurait \u00e9rig\u00e9 une croix \u00e0 cet endroit car il avait des difficult\u00e9s pour retrouver son chemin en revenant de Jamoigne. On peut supposer qu\u2019il s\u2019agissait d\u2019une \u00e9poque &hellip; <a href=\"https:\/\/www.prouvy.be\/?page_id=172\" class=\"more-link\">Continuer la lecture de <span class=\"screen-reader-text\">Le calvaire de la Croix Bouillot<\/span>  <span class=\"meta-nav\">&rarr;<\/span><\/a><\/p>\n","protected":false},"author":1,"featured_media":0,"parent":326,"menu_order":0,"comment_status":"open","ping_status":"closed","template":"","meta":{"ngg_post_thumbnail":0,"footnotes":""},"class_list":["post-172","page","type-page","status-publish","hentry"],"post_mailing_queue_ids":[],"_links":{"self":[{"href":"https:\/\/www.prouvy.be\/index.php?rest_route=\/wp\/v2\/pages\/172","targetHints":{"allow":["GET"]}}],"collection":[{"href":"https:\/\/www.prouvy.be\/index.php?rest_route=\/wp\/v2\/pages"}],"about":[{"href":"https:\/\/www.prouvy.be\/index.php?rest_route=\/wp\/v2\/types\/page"}],"author":[{"embeddable":true,"href":"https:\/\/www.prouvy.be\/index.php?rest_route=\/wp\/v2\/users\/1"}],"replies":[{"embeddable":true,"href":"https:\/\/www.prouvy.be\/index.php?rest_route=%2Fwp%2Fv2%2Fcomments&post=172"}],"version-history":[{"count":1,"href":"https:\/\/www.prouvy.be\/index.php?rest_route=\/wp\/v2\/pages\/172\/revisions"}],"predecessor-version":[{"id":178,"href":"https:\/\/www.prouvy.be\/index.php?rest_route=\/wp\/v2\/pages\/172\/revisions\/178"}],"up":[{"embeddable":true,"href":"https:\/\/www.prouvy.be\/index.php?rest_route=\/wp\/v2\/pages\/326"}],"wp:attachment":[{"href":"https:\/\/www.prouvy.be\/index.php?rest_route=%2Fwp%2Fv2%2Fmedia&parent=172"}],"curies":[{"name":"wp","href":"https:\/\/api.w.org\/{rel}","templated":true}]}}