{"id":146,"date":"2014-06-25T23:24:28","date_gmt":"2014-06-25T21:24:28","guid":{"rendered":"http:\/\/new.prouvy.be\/?page_id=146"},"modified":"2014-07-19T23:38:01","modified_gmt":"2014-07-19T21:38:01","slug":"la-chaumiere","status":"publish","type":"page","link":"https:\/\/www.prouvy.be\/?page_id=146","title":{"rendered":"La Chaumi\u00e8re"},"content":{"rendered":"<div id=\"fb-root\"><\/div>\n<p style=\"color: #000000;\">Maison de village ; lieu de rencontre de tou(te)s les Provon\u00e7ois(e)s.<\/p>\n<p style=\"color: #000000;\">Autrefois le b\u00e2timent avait abrit\u00e9 l\u2019\u00e9cole maternelle, plus que sommaire.<\/p>\n<p style=\"color: #000000;\">Ensuite, lorsque de nouveaux locaux scolaires furent am\u00e9nag\u00e9s, La Provon\u00e7oise se d\u00e9cida \u00e0 racheter cette ruine \u00e0 l\u2019administration communale.<\/p>\n<p style=\"color: #000000;\">Tout \u00e9tait \u00e0 refaire. Les travaux allaient co\u00fbter beaucoup d\u2019argent.<\/p>\n<p style=\"color: #000000;\">Afin de r\u00e9duire les frais, la majorit\u00e9 des habitants accept\u00e8rent de mettre main \u00e0 la p\u00e2te b\u00e9n\u00e9volement.<\/p>\n<p style=\"color: #000000;\">Cette mani\u00e8re de faire a toujours \u00e9t\u00e9 privil\u00e9gi\u00e9e dans l\u2019ASBL. Seuls quelques travaux plus longs et plus lourds firent exception.<\/p>\n<p style=\"color: #000000;\">Du toit \u00e0 la ma\u00e7onnerie en passant par les boiseries, il y avait du boulot pour tout le monde et la plupart des gens de Prouvy apport\u00e8rent leur pierre \u00e0 l\u2019\u00e9difice.<\/p>\n<p style=\"color: #000000;\">Tout l\u2019int\u00e9rieur fut d\u00e9moli. Des caves furent creus\u00e9es et une extension s\u2019ajouta au rez-de-chauss\u00e9e pour permettre l\u2019am\u00e9nagement d\u2019un bowling qui \u00e9tait encore \u00e0 l\u2019\u00e9poque manuel. A c\u00f4t\u00e9 de la piste, un bar fut construit, agr\u00e9ment\u00e9 d\u2019un feu ouvert et d\u2019un ancien four \u00e0 pain.<\/p>\n<p style=\"color: #000000;\">Mais la partie la plus originale reste sans nul doute la la salle de banquet \u00e0 l\u2019\u00e9tage, servant aussi de piste de danse, am\u00e9nag\u00e9e dans un style pour le moins particulier, puisque tout, ou presque est en bois. Tout le pourtour est ceintur\u00e9 d\u2019un balcon d\u00e9cor\u00e9 de couches de pailles qui ont donn\u00e9 le nom de \u00ab Chaumi\u00e8re \u00bb \u00e0 cette salle o\u00f9 les charpentes de ch\u00eane font merveille. Ce cadre rural, discret et typique donne \u00e0 cette pi\u00e8ce un cachet unique, et pour lequel l\u2019apport du charron du village aujourd\u2019hui d\u00e9c\u00e9d\u00e9, D\u00e9sir\u00e9 Leroy, fut primordial.<\/p>\n<p style=\"color: #000000;\">Le bar du rez-de-chauss\u00e9e a toujours \u00e9t\u00e9 ouvert le week-end. Suivant les \u00e9poques, soit samedi soir et dimanche midi, soit uniquement pour l\u2019ap\u00e9ritif dominical, tel qu\u2019aujourd\u2019hui.<\/p>\n<p style=\"color: #000000;\">La salle \u00e0 l\u2019\u00e9tage accueille diff\u00e9rents banquets, qu\u2019ils soient organis\u00e9s par l\u2019ASBL ou par des gens qui louent \u00e0 un prix attractif.<br \/>\nLes habitants du village aiment d\u2019ailleurs r\u00e9server cette salle pour leurs r\u00e9ceptions familiales.<\/p>\n<p style=\"color: #000000;\">Les b\u00e9n\u00e9fices r\u00e9alis\u00e9s lors des diff\u00e9rentes activit\u00e9s sont r\u00e9investis dans l\u2019entretien et la r\u00e9novation du b\u00e2timent. C\u2019est ainsi que l\u2019on peut citer quelques travaux presque exclusivement r\u00e9alis\u00e9s par les membres du comit\u00e9, toujours en tant que b\u00e9n\u00e9voles : poses de carrelages et pav\u00e9s, remplacement de ch\u00e2ssis, r\u00e9novation des toilettes, de la toiture et du bowling, peintures,\u2026<\/p>\n<p style=\"color: #000000;\">Les derniers coups de marteau sont d\u2019ailleurs r\u00e9cents. En automne 2004, tous les administrateurs accompagn\u00e9s de quelques amis, ont r\u00e9nov\u00e9 l\u2019\u00e9tage ( voir les pages r\u00e9serv\u00e9es \u00e0 ces travaux ). D\u00e9but 2005, c\u2019est la cuisine qui sera enti\u00e8rement r\u00e9am\u00e9nag\u00e9e et la fa\u00e7ade sera rafra\u00eechie. Le bar du rez fera \u00e9galement peau neuve en 2006.<\/p>\n<p style=\"color: #000000;\">Que de travail r\u00e9alis\u00e9 en presque 40 ans ! Que d\u2019heures de b\u00e9n\u00e9volat prest\u00e9es par plusieurs dizaines d\u2019hommes et de femmes !<\/p>\n<p style=\"color: #000000;\">Peu importe, dans cette belle aventure, toutes et tous en sommes sortis enrichis. C\u2019est la raison pour laquelle nous ne sommes jamais fatigu\u00e9s<\/p>\n<p style=\"color: #000000;\">Bienvenue \u00e0 La Chaumi\u00e8re !<\/p>\n","protected":false},"excerpt":{"rendered":"<p>Maison de village ; lieu de rencontre de tou(te)s les Provon\u00e7ois(e)s. Autrefois le b\u00e2timent avait abrit\u00e9 l\u2019\u00e9cole maternelle, plus que sommaire. Ensuite, lorsque de nouveaux locaux scolaires furent am\u00e9nag\u00e9s, La Provon\u00e7oise se d\u00e9cida \u00e0 racheter cette ruine \u00e0 l\u2019administration communale. Tout \u00e9tait \u00e0 refaire. Les travaux allaient co\u00fbter beaucoup d\u2019argent. Afin de r\u00e9duire les frais, &hellip; <a href=\"https:\/\/www.prouvy.be\/?page_id=146\" class=\"more-link\">Continuer la lecture de <span class=\"screen-reader-text\">La Chaumi\u00e8re<\/span>  <span class=\"meta-nav\">&rarr;<\/span><\/a><\/p>\n","protected":false},"author":1,"featured_media":0,"parent":324,"menu_order":0,"comment_status":"open","ping_status":"closed","template":"","meta":{"ngg_post_thumbnail":0,"footnotes":""},"class_list":["post-146","page","type-page","status-publish","hentry"],"post_mailing_queue_ids":[],"_links":{"self":[{"href":"https:\/\/www.prouvy.be\/index.php?rest_route=\/wp\/v2\/pages\/146","targetHints":{"allow":["GET"]}}],"collection":[{"href":"https:\/\/www.prouvy.be\/index.php?rest_route=\/wp\/v2\/pages"}],"about":[{"href":"https:\/\/www.prouvy.be\/index.php?rest_route=\/wp\/v2\/types\/page"}],"author":[{"embeddable":true,"href":"https:\/\/www.prouvy.be\/index.php?rest_route=\/wp\/v2\/users\/1"}],"replies":[{"embeddable":true,"href":"https:\/\/www.prouvy.be\/index.php?rest_route=%2Fwp%2Fv2%2Fcomments&post=146"}],"version-history":[{"count":1,"href":"https:\/\/www.prouvy.be\/index.php?rest_route=\/wp\/v2\/pages\/146\/revisions"}],"predecessor-version":[{"id":147,"href":"https:\/\/www.prouvy.be\/index.php?rest_route=\/wp\/v2\/pages\/146\/revisions\/147"}],"up":[{"embeddable":true,"href":"https:\/\/www.prouvy.be\/index.php?rest_route=\/wp\/v2\/pages\/324"}],"wp:attachment":[{"href":"https:\/\/www.prouvy.be\/index.php?rest_route=%2Fwp%2Fv2%2Fmedia&parent=146"}],"curies":[{"name":"wp","href":"https:\/\/api.w.org\/{rel}","templated":true}]}}