{"id":1306,"date":"2014-11-13T21:41:31","date_gmt":"2014-11-13T19:41:31","guid":{"rendered":"http:\/\/new.prouvy.be\/?page_id=1306"},"modified":"2014-11-13T21:46:09","modified_gmt":"2014-11-13T19:46:09","slug":"installation-de-bacs-a-fleurs","status":"publish","type":"page","link":"https:\/\/www.prouvy.be\/?page_id=1306","title":{"rendered":"Installation de bacs \u00e0 fleurs"},"content":{"rendered":"<div id=\"fb-root\"><\/div>\n<p>Le samedi 14 avril 2007, deux bacs \u00e0 fleurs suppl\u00e9mentaires furent install\u00e9s.<\/p>\n<p>Profitant d\u2019une journ\u00e9e tr\u00e8s chaude (28 DegC) et ensoleill\u00e9e, une \u00e9quipe de courageux provon\u00e7ois mirent en place les bacs.<\/p>\n<p>Le premier, Rue de la Chapelle, et le second, Rue de Termes.<\/p>\n<p>Maintenant, toutes les entr\u00e9es du village pourront \u00eatre fleuries.<\/p>\n<p>Vous trouverez les photos de cette journ\u00e9e ci-dessous:<\/p>\n<p><!-- index.php -->\n<div\n\tclass=\"ngg-galleryoverview\n\t ngg-ajax-pagination-none\t\"\n\tid=\"ngg-gallery-24c0d7bddafa88d714bfd6631da27def-1\">\n\n\t\t<div class=\"slideshowlink\">\n\t\t<a href='https:\/\/www.prouvy.be\/index.php\/nggallery\/slideshow?page_id=1306'>[Show slideshow]<\/a>\n\n\t<\/div>\n\t\t\t<!-- Thumbnails -->\n\t\t\t\t<div id=\"ngg-image-0\" class=\"ngg-gallery-thumbnail-box\"\n\t\t\t\t\t\t\t\t\t\t\t>\n\t\t\t\t\t\t<div class=\"ngg-gallery-thumbnail\">\n\t\t\t<a href=\"https:\/\/www.prouvy.be\/wp-content\/gallery\/installation-de-bacs-a-fleurs-2007\/Bac_2006_01.jpg\"\n\t\t\t\ttitle=\"\"\n\t\t\t\tdata-src=\"https:\/\/www.prouvy.be\/wp-content\/gallery\/installation-de-bacs-a-fleurs-2007\/Bac_2006_01.jpg\"\n\t\t\t\tdata-thumbnail=\"https:\/\/www.prouvy.be\/wp-content\/gallery\/installation-de-bacs-a-fleurs-2007\/thumbs\/thumbs_Bac_2006_01.jpg\"\n\t\t\t\tdata-image-id=\"393\"\n\t\t\t\tdata-title=\"Bac_2006_01\"\n\t\t\t\tdata-description=\"\"\n\t\t\t\tdata-image-slug=\"bac_2006_01-2\"\n\t\t\t\tclass=\"ngg-fancybox\" rel=\"24c0d7bddafa88d714bfd6631da27def\">\n\t\t\t\t<img\n\t\t\t\t\ttitle=\"Bac_2006_01\"\n\t\t\t\t\talt=\"Bac_2006_01\"\n\t\t\t\t\tsrc=\"https:\/\/www.prouvy.be\/wp-content\/gallery\/installation-de-bacs-a-fleurs-2007\/thumbs\/thumbs_Bac_2006_01.jpg\"\n\t\t\t\t\twidth=\"120\"\n\t\t\t\t\theight=\"90\"\n\t\t\t\t\tstyle=\"max-width:100%;\"\n\t\t\t\t\/>\n\t\t\t<\/a>\n\t\t<\/div>\n\t\t\t\t\t\t\t<\/div>\n\t\t\t\n\t\t\n\t\t\t\t<div id=\"ngg-image-1\" class=\"ngg-gallery-thumbnail-box\"\n\t\t\t\t\t\t\t\t\t\t\t>\n\t\t\t\t\t\t<div class=\"ngg-gallery-thumbnail\">\n\t\t\t<a href=\"https:\/\/www.prouvy.be\/wp-content\/gallery\/installation-de-bacs-a-fleurs-2007\/bac_2007_01.jpg\"\n\t\t\t\ttitle=\" \"\n\t\t\t\tdata-src=\"https:\/\/www.prouvy.be\/wp-content\/gallery\/installation-de-bacs-a-fleurs-2007\/bac_2007_01.jpg\"\n\t\t\t\tdata-thumbnail=\"https:\/\/www.prouvy.be\/wp-content\/gallery\/installation-de-bacs-a-fleurs-2007\/thumbs\/thumbs_bac_2007_01.jpg\"\n\t\t\t\tdata-image-id=\"394\"\n\t\t\t\tdata-title=\"bac_2007_01\"\n\t\t\t\tdata-description=\" \"\n\t\t\t\tdata-image-slug=\"bac_2007_01\"\n\t\t\t\tclass=\"ngg-fancybox\" rel=\"24c0d7bddafa88d714bfd6631da27def\">\n\t\t\t\t<img\n\t\t\t\t\ttitle=\"bac_2007_01\"\n\t\t\t\t\talt=\"bac_2007_01\"\n\t\t\t\t\tsrc=\"https:\/\/www.prouvy.be\/wp-content\/gallery\/installation-de-bacs-a-fleurs-2007\/thumbs\/thumbs_bac_2007_01.jpg\"\n\t\t\t\t\twidth=\"120\"\n\t\t\t\t\theight=\"90\"\n\t\t\t\t\tstyle=\"max-width:100%;\"\n\t\t\t\t\/>\n\t\t\t<\/a>\n\t\t<\/div>\n\t\t\t\t\t\t\t<\/div>\n\t\t\t\n\t\t\n\t\t\t\t<div id=\"ngg-image-2\" class=\"ngg-gallery-thumbnail-box\"\n\t\t\t\t\t\t\t\t\t\t\t>\n\t\t\t\t\t\t<div class=\"ngg-gallery-thumbnail\">\n\t\t\t<a href=\"https:\/\/www.prouvy.be\/wp-content\/gallery\/installation-de-bacs-a-fleurs-2007\/bac_2007_02.jpg\"\n\t\t\t\ttitle=\" \"\n\t\t\t\tdata-src=\"https:\/\/www.prouvy.be\/wp-content\/gallery\/installation-de-bacs-a-fleurs-2007\/bac_2007_02.jpg\"\n\t\t\t\tdata-thumbnail=\"https:\/\/www.prouvy.be\/wp-content\/gallery\/installation-de-bacs-a-fleurs-2007\/thumbs\/thumbs_bac_2007_02.jpg\"\n\t\t\t\tdata-image-id=\"395\"\n\t\t\t\tdata-title=\"bac_2007_02\"\n\t\t\t\tdata-description=\" \"\n\t\t\t\tdata-image-slug=\"bac_2007_02\"\n\t\t\t\tclass=\"ngg-fancybox\" rel=\"24c0d7bddafa88d714bfd6631da27def\">\n\t\t\t\t<img\n\t\t\t\t\ttitle=\"bac_2007_02\"\n\t\t\t\t\talt=\"bac_2007_02\"\n\t\t\t\t\tsrc=\"https:\/\/www.prouvy.be\/wp-content\/gallery\/installation-de-bacs-a-fleurs-2007\/thumbs\/thumbs_bac_2007_02.jpg\"\n\t\t\t\t\twidth=\"120\"\n\t\t\t\t\theight=\"90\"\n\t\t\t\t\tstyle=\"max-width:100%;\"\n\t\t\t\t\/>\n\t\t\t<\/a>\n\t\t<\/div>\n\t\t\t\t\t\t\t<\/div>\n\t\t\t\n\t\t\n\t\t\t\t<div id=\"ngg-image-3\" class=\"ngg-gallery-thumbnail-box\"\n\t\t\t\t\t\t\t\t\t\t\t>\n\t\t\t\t\t\t<div class=\"ngg-gallery-thumbnail\">\n\t\t\t<a href=\"https:\/\/www.prouvy.be\/wp-content\/gallery\/installation-de-bacs-a-fleurs-2007\/bac_2007_03.jpg\"\n\t\t\t\ttitle=\" \"\n\t\t\t\tdata-src=\"https:\/\/www.prouvy.be\/wp-content\/gallery\/installation-de-bacs-a-fleurs-2007\/bac_2007_03.jpg\"\n\t\t\t\tdata-thumbnail=\"https:\/\/www.prouvy.be\/wp-content\/gallery\/installation-de-bacs-a-fleurs-2007\/thumbs\/thumbs_bac_2007_03.jpg\"\n\t\t\t\tdata-image-id=\"396\"\n\t\t\t\tdata-title=\"bac_2007_03\"\n\t\t\t\tdata-description=\" \"\n\t\t\t\tdata-image-slug=\"bac_2007_03-2\"\n\t\t\t\tclass=\"ngg-fancybox\" rel=\"24c0d7bddafa88d714bfd6631da27def\">\n\t\t\t\t<img\n\t\t\t\t\ttitle=\"bac_2007_03\"\n\t\t\t\t\talt=\"bac_2007_03\"\n\t\t\t\t\tsrc=\"https:\/\/www.prouvy.be\/wp-content\/gallery\/installation-de-bacs-a-fleurs-2007\/thumbs\/thumbs_bac_2007_03.jpg\"\n\t\t\t\t\twidth=\"120\"\n\t\t\t\t\theight=\"90\"\n\t\t\t\t\tstyle=\"max-width:100%;\"\n\t\t\t\t\/>\n\t\t\t<\/a>\n\t\t<\/div>\n\t\t\t\t\t\t\t<\/div>\n\t\t\t\n\t\t\n\t\t\t\t<div id=\"ngg-image-4\" class=\"ngg-gallery-thumbnail-box\"\n\t\t\t\t\t\t\t\t\t\t\t>\n\t\t\t\t\t\t<div class=\"ngg-gallery-thumbnail\">\n\t\t\t<a href=\"https:\/\/www.prouvy.be\/wp-content\/gallery\/installation-de-bacs-a-fleurs-2007\/bac_2007_04.jpg\"\n\t\t\t\ttitle=\" \"\n\t\t\t\tdata-src=\"https:\/\/www.prouvy.be\/wp-content\/gallery\/installation-de-bacs-a-fleurs-2007\/bac_2007_04.jpg\"\n\t\t\t\tdata-thumbnail=\"https:\/\/www.prouvy.be\/wp-content\/gallery\/installation-de-bacs-a-fleurs-2007\/thumbs\/thumbs_bac_2007_04.jpg\"\n\t\t\t\tdata-image-id=\"397\"\n\t\t\t\tdata-title=\"bac_2007_04\"\n\t\t\t\tdata-description=\" \"\n\t\t\t\tdata-image-slug=\"bac_2007_04-2\"\n\t\t\t\tclass=\"ngg-fancybox\" rel=\"24c0d7bddafa88d714bfd6631da27def\">\n\t\t\t\t<img\n\t\t\t\t\ttitle=\"bac_2007_04\"\n\t\t\t\t\talt=\"bac_2007_04\"\n\t\t\t\t\tsrc=\"https:\/\/www.prouvy.be\/wp-content\/gallery\/installation-de-bacs-a-fleurs-2007\/thumbs\/thumbs_bac_2007_04.jpg\"\n\t\t\t\t\twidth=\"120\"\n\t\t\t\t\theight=\"90\"\n\t\t\t\t\tstyle=\"max-width:100%;\"\n\t\t\t\t\/>\n\t\t\t<\/a>\n\t\t<\/div>\n\t\t\t\t\t\t\t<\/div>\n\t\t\t\n\t\t\n\t\t\t\t<div id=\"ngg-image-5\" class=\"ngg-gallery-thumbnail-box\"\n\t\t\t\t\t\t\t\t\t\t\t>\n\t\t\t\t\t\t<div class=\"ngg-gallery-thumbnail\">\n\t\t\t<a href=\"https:\/\/www.prouvy.be\/wp-content\/gallery\/installation-de-bacs-a-fleurs-2007\/bac_2007_05.jpg\"\n\t\t\t\ttitle=\" \"\n\t\t\t\tdata-src=\"https:\/\/www.prouvy.be\/wp-content\/gallery\/installation-de-bacs-a-fleurs-2007\/bac_2007_05.jpg\"\n\t\t\t\tdata-thumbnail=\"https:\/\/www.prouvy.be\/wp-content\/gallery\/installation-de-bacs-a-fleurs-2007\/thumbs\/thumbs_bac_2007_05.jpg\"\n\t\t\t\tdata-image-id=\"398\"\n\t\t\t\tdata-title=\"bac_2007_05\"\n\t\t\t\tdata-description=\" \"\n\t\t\t\tdata-image-slug=\"bac_2007_05-2\"\n\t\t\t\tclass=\"ngg-fancybox\" rel=\"24c0d7bddafa88d714bfd6631da27def\">\n\t\t\t\t<img\n\t\t\t\t\ttitle=\"bac_2007_05\"\n\t\t\t\t\talt=\"bac_2007_05\"\n\t\t\t\t\tsrc=\"https:\/\/www.prouvy.be\/wp-content\/gallery\/installation-de-bacs-a-fleurs-2007\/thumbs\/thumbs_bac_2007_05.jpg\"\n\t\t\t\t\twidth=\"120\"\n\t\t\t\t\theight=\"90\"\n\t\t\t\t\tstyle=\"max-width:100%;\"\n\t\t\t\t\/>\n\t\t\t<\/a>\n\t\t<\/div>\n\t\t\t\t\t\t\t<\/div>\n\t\t\t\n\t\t\n\t\t\t\t<div id=\"ngg-image-6\" class=\"ngg-gallery-thumbnail-box\"\n\t\t\t\t\t\t\t\t\t\t\t>\n\t\t\t\t\t\t<div class=\"ngg-gallery-thumbnail\">\n\t\t\t<a href=\"https:\/\/www.prouvy.be\/wp-content\/gallery\/installation-de-bacs-a-fleurs-2007\/bac_2007_06.jpg\"\n\t\t\t\ttitle=\" \"\n\t\t\t\tdata-src=\"https:\/\/www.prouvy.be\/wp-content\/gallery\/installation-de-bacs-a-fleurs-2007\/bac_2007_06.jpg\"\n\t\t\t\tdata-thumbnail=\"https:\/\/www.prouvy.be\/wp-content\/gallery\/installation-de-bacs-a-fleurs-2007\/thumbs\/thumbs_bac_2007_06.jpg\"\n\t\t\t\tdata-image-id=\"399\"\n\t\t\t\tdata-title=\"bac_2007_06\"\n\t\t\t\tdata-description=\" \"\n\t\t\t\tdata-image-slug=\"bac_2007_06-2\"\n\t\t\t\tclass=\"ngg-fancybox\" rel=\"24c0d7bddafa88d714bfd6631da27def\">\n\t\t\t\t<img\n\t\t\t\t\ttitle=\"bac_2007_06\"\n\t\t\t\t\talt=\"bac_2007_06\"\n\t\t\t\t\tsrc=\"https:\/\/www.prouvy.be\/wp-content\/gallery\/installation-de-bacs-a-fleurs-2007\/thumbs\/thumbs_bac_2007_06.jpg\"\n\t\t\t\t\twidth=\"120\"\n\t\t\t\t\theight=\"90\"\n\t\t\t\t\tstyle=\"max-width:100%;\"\n\t\t\t\t\/>\n\t\t\t<\/a>\n\t\t<\/div>\n\t\t\t\t\t\t\t<\/div>\n\t\t\t\n\t\t\n\t\t\t\t<div id=\"ngg-image-7\" class=\"ngg-gallery-thumbnail-box\"\n\t\t\t\t\t\t\t\t\t\t\t>\n\t\t\t\t\t\t<div class=\"ngg-gallery-thumbnail\">\n\t\t\t<a href=\"https:\/\/www.prouvy.be\/wp-content\/gallery\/installation-de-bacs-a-fleurs-2007\/bac_2007_07.jpg\"\n\t\t\t\ttitle=\" \"\n\t\t\t\tdata-src=\"https:\/\/www.prouvy.be\/wp-content\/gallery\/installation-de-bacs-a-fleurs-2007\/bac_2007_07.jpg\"\n\t\t\t\tdata-thumbnail=\"https:\/\/www.prouvy.be\/wp-content\/gallery\/installation-de-bacs-a-fleurs-2007\/thumbs\/thumbs_bac_2007_07.jpg\"\n\t\t\t\tdata-image-id=\"400\"\n\t\t\t\tdata-title=\"bac_2007_07\"\n\t\t\t\tdata-description=\" \"\n\t\t\t\tdata-image-slug=\"bac_2007_07-2\"\n\t\t\t\tclass=\"ngg-fancybox\" rel=\"24c0d7bddafa88d714bfd6631da27def\">\n\t\t\t\t<img\n\t\t\t\t\ttitle=\"bac_2007_07\"\n\t\t\t\t\talt=\"bac_2007_07\"\n\t\t\t\t\tsrc=\"https:\/\/www.prouvy.be\/wp-content\/gallery\/installation-de-bacs-a-fleurs-2007\/thumbs\/thumbs_bac_2007_07.jpg\"\n\t\t\t\t\twidth=\"120\"\n\t\t\t\t\theight=\"90\"\n\t\t\t\t\tstyle=\"max-width:100%;\"\n\t\t\t\t\/>\n\t\t\t<\/a>\n\t\t<\/div>\n\t\t\t\t\t\t\t<\/div>\n\t\t\t\n\t\t\n\t\t\t\t<div id=\"ngg-image-8\" class=\"ngg-gallery-thumbnail-box\"\n\t\t\t\t\t\t\t\t\t\t\t>\n\t\t\t\t\t\t<div class=\"ngg-gallery-thumbnail\">\n\t\t\t<a href=\"https:\/\/www.prouvy.be\/wp-content\/gallery\/installation-de-bacs-a-fleurs-2007\/bac_2007_08.jpg\"\n\t\t\t\ttitle=\" \"\n\t\t\t\tdata-src=\"https:\/\/www.prouvy.be\/wp-content\/gallery\/installation-de-bacs-a-fleurs-2007\/bac_2007_08.jpg\"\n\t\t\t\tdata-thumbnail=\"https:\/\/www.prouvy.be\/wp-content\/gallery\/installation-de-bacs-a-fleurs-2007\/thumbs\/thumbs_bac_2007_08.jpg\"\n\t\t\t\tdata-image-id=\"401\"\n\t\t\t\tdata-title=\"bac_2007_08\"\n\t\t\t\tdata-description=\" \"\n\t\t\t\tdata-image-slug=\"bac_2007_08-2\"\n\t\t\t\tclass=\"ngg-fancybox\" rel=\"24c0d7bddafa88d714bfd6631da27def\">\n\t\t\t\t<img\n\t\t\t\t\ttitle=\"bac_2007_08\"\n\t\t\t\t\talt=\"bac_2007_08\"\n\t\t\t\t\tsrc=\"https:\/\/www.prouvy.be\/wp-content\/gallery\/installation-de-bacs-a-fleurs-2007\/thumbs\/thumbs_bac_2007_08.jpg\"\n\t\t\t\t\twidth=\"120\"\n\t\t\t\t\theight=\"90\"\n\t\t\t\t\tstyle=\"max-width:100%;\"\n\t\t\t\t\/>\n\t\t\t<\/a>\n\t\t<\/div>\n\t\t\t\t\t\t\t<\/div>\n\t\t\t\n\t\t\n\t\t\t\t<div id=\"ngg-image-9\" class=\"ngg-gallery-thumbnail-box\"\n\t\t\t\t\t\t\t\t\t\t\t>\n\t\t\t\t\t\t<div class=\"ngg-gallery-thumbnail\">\n\t\t\t<a href=\"https:\/\/www.prouvy.be\/wp-content\/gallery\/installation-de-bacs-a-fleurs-2007\/bac_2007_09.jpg\"\n\t\t\t\ttitle=\" \"\n\t\t\t\tdata-src=\"https:\/\/www.prouvy.be\/wp-content\/gallery\/installation-de-bacs-a-fleurs-2007\/bac_2007_09.jpg\"\n\t\t\t\tdata-thumbnail=\"https:\/\/www.prouvy.be\/wp-content\/gallery\/installation-de-bacs-a-fleurs-2007\/thumbs\/thumbs_bac_2007_09.jpg\"\n\t\t\t\tdata-image-id=\"402\"\n\t\t\t\tdata-title=\"bac_2007_09\"\n\t\t\t\tdata-description=\" \"\n\t\t\t\tdata-image-slug=\"bac_2007_09-2\"\n\t\t\t\tclass=\"ngg-fancybox\" rel=\"24c0d7bddafa88d714bfd6631da27def\">\n\t\t\t\t<img\n\t\t\t\t\ttitle=\"bac_2007_09\"\n\t\t\t\t\talt=\"bac_2007_09\"\n\t\t\t\t\tsrc=\"https:\/\/www.prouvy.be\/wp-content\/gallery\/installation-de-bacs-a-fleurs-2007\/thumbs\/thumbs_bac_2007_09.jpg\"\n\t\t\t\t\twidth=\"120\"\n\t\t\t\t\theight=\"90\"\n\t\t\t\t\tstyle=\"max-width:100%;\"\n\t\t\t\t\/>\n\t\t\t<\/a>\n\t\t<\/div>\n\t\t\t\t\t\t\t<\/div>\n\t\t\t\n\t\t\n\t\t\t\t<div id=\"ngg-image-10\" class=\"ngg-gallery-thumbnail-box\"\n\t\t\t\t\t\t\t\t\t\t\t>\n\t\t\t\t\t\t<div class=\"ngg-gallery-thumbnail\">\n\t\t\t<a href=\"https:\/\/www.prouvy.be\/wp-content\/gallery\/installation-de-bacs-a-fleurs-2007\/bac_2007_10.jpg\"\n\t\t\t\ttitle=\" \"\n\t\t\t\tdata-src=\"https:\/\/www.prouvy.be\/wp-content\/gallery\/installation-de-bacs-a-fleurs-2007\/bac_2007_10.jpg\"\n\t\t\t\tdata-thumbnail=\"https:\/\/www.prouvy.be\/wp-content\/gallery\/installation-de-bacs-a-fleurs-2007\/thumbs\/thumbs_bac_2007_10.jpg\"\n\t\t\t\tdata-image-id=\"403\"\n\t\t\t\tdata-title=\"bac_2007_10\"\n\t\t\t\tdata-description=\" \"\n\t\t\t\tdata-image-slug=\"bac_2007_10-2\"\n\t\t\t\tclass=\"ngg-fancybox\" rel=\"24c0d7bddafa88d714bfd6631da27def\">\n\t\t\t\t<img\n\t\t\t\t\ttitle=\"bac_2007_10\"\n\t\t\t\t\talt=\"bac_2007_10\"\n\t\t\t\t\tsrc=\"https:\/\/www.prouvy.be\/wp-content\/gallery\/installation-de-bacs-a-fleurs-2007\/thumbs\/thumbs_bac_2007_10.jpg\"\n\t\t\t\t\twidth=\"120\"\n\t\t\t\t\theight=\"90\"\n\t\t\t\t\tstyle=\"max-width:100%;\"\n\t\t\t\t\/>\n\t\t\t<\/a>\n\t\t<\/div>\n\t\t\t\t\t\t\t<\/div>\n\t\t\t\n\t\t\n\t\t\t\t<div id=\"ngg-image-11\" class=\"ngg-gallery-thumbnail-box\"\n\t\t\t\t\t\t\t\t\t\t\t>\n\t\t\t\t\t\t<div class=\"ngg-gallery-thumbnail\">\n\t\t\t<a href=\"https:\/\/www.prouvy.be\/wp-content\/gallery\/installation-de-bacs-a-fleurs-2007\/bac_2007_11.jpg\"\n\t\t\t\ttitle=\" \"\n\t\t\t\tdata-src=\"https:\/\/www.prouvy.be\/wp-content\/gallery\/installation-de-bacs-a-fleurs-2007\/bac_2007_11.jpg\"\n\t\t\t\tdata-thumbnail=\"https:\/\/www.prouvy.be\/wp-content\/gallery\/installation-de-bacs-a-fleurs-2007\/thumbs\/thumbs_bac_2007_11.jpg\"\n\t\t\t\tdata-image-id=\"404\"\n\t\t\t\tdata-title=\"bac_2007_11\"\n\t\t\t\tdata-description=\" \"\n\t\t\t\tdata-image-slug=\"bac_2007_11-2\"\n\t\t\t\tclass=\"ngg-fancybox\" rel=\"24c0d7bddafa88d714bfd6631da27def\">\n\t\t\t\t<img\n\t\t\t\t\ttitle=\"bac_2007_11\"\n\t\t\t\t\talt=\"bac_2007_11\"\n\t\t\t\t\tsrc=\"https:\/\/www.prouvy.be\/wp-content\/gallery\/installation-de-bacs-a-fleurs-2007\/thumbs\/thumbs_bac_2007_11.jpg\"\n\t\t\t\t\twidth=\"120\"\n\t\t\t\t\theight=\"90\"\n\t\t\t\t\tstyle=\"max-width:100%;\"\n\t\t\t\t\/>\n\t\t\t<\/a>\n\t\t<\/div>\n\t\t\t\t\t\t\t<\/div>\n\t\t\t\n\t\t\n\t\t\t\t<div id=\"ngg-image-12\" class=\"ngg-gallery-thumbnail-box\"\n\t\t\t\t\t\t\t\t\t\t\t>\n\t\t\t\t\t\t<div class=\"ngg-gallery-thumbnail\">\n\t\t\t<a href=\"https:\/\/www.prouvy.be\/wp-content\/gallery\/installation-de-bacs-a-fleurs-2007\/bac_chat04.jpg\"\n\t\t\t\ttitle=\" \"\n\t\t\t\tdata-src=\"https:\/\/www.prouvy.be\/wp-content\/gallery\/installation-de-bacs-a-fleurs-2007\/bac_chat04.jpg\"\n\t\t\t\tdata-thumbnail=\"https:\/\/www.prouvy.be\/wp-content\/gallery\/installation-de-bacs-a-fleurs-2007\/thumbs\/thumbs_bac_chat04.jpg\"\n\t\t\t\tdata-image-id=\"405\"\n\t\t\t\tdata-title=\"bac_chat04\"\n\t\t\t\tdata-description=\" \"\n\t\t\t\tdata-image-slug=\"bac_chat04\"\n\t\t\t\tclass=\"ngg-fancybox\" rel=\"24c0d7bddafa88d714bfd6631da27def\">\n\t\t\t\t<img\n\t\t\t\t\ttitle=\"bac_chat04\"\n\t\t\t\t\talt=\"bac_chat04\"\n\t\t\t\t\tsrc=\"https:\/\/www.prouvy.be\/wp-content\/gallery\/installation-de-bacs-a-fleurs-2007\/thumbs\/thumbs_bac_chat04.jpg\"\n\t\t\t\t\twidth=\"120\"\n\t\t\t\t\theight=\"90\"\n\t\t\t\t\tstyle=\"max-width:100%;\"\n\t\t\t\t\/>\n\t\t\t<\/a>\n\t\t<\/div>\n\t\t\t\t\t\t\t<\/div>\n\t\t\t\n\t\t\n\t\t\n\t\t<!-- Pagination -->\n\t\t<div class='ngg-clear'><\/div>\t<\/div>\n<\/p>\n","protected":false},"excerpt":{"rendered":"<p>Le samedi 14 avril 2007, deux bacs \u00e0 fleurs suppl\u00e9mentaires furent install\u00e9s. Profitant d\u2019une journ\u00e9e tr\u00e8s chaude (28 DegC) et ensoleill\u00e9e, une \u00e9quipe de courageux provon\u00e7ois mirent en place les bacs. Le premier, Rue de la Chapelle, et le second, Rue de Termes. Maintenant, toutes les entr\u00e9es du village pourront \u00eatre fleuries. Vous trouverez les &hellip; <a href=\"https:\/\/www.prouvy.be\/?page_id=1306\" class=\"more-link\">Continuer la lecture de <span class=\"screen-reader-text\">Installation de bacs \u00e0 fleurs<\/span>  <span class=\"meta-nav\">&rarr;<\/span><\/a><\/p>\n","protected":false},"author":1,"featured_media":1342,"parent":1303,"menu_order":0,"comment_status":"open","ping_status":"open","template":"","meta":{"ngg_post_thumbnail":0,"footnotes":""},"class_list":["post-1306","page","type-page","status-publish","has-post-thumbnail","hentry"],"post_mailing_queue_ids":[],"_links":{"self":[{"href":"https:\/\/www.prouvy.be\/index.php?rest_route=\/wp\/v2\/pages\/1306","targetHints":{"allow":["GET"]}}],"collection":[{"href":"https:\/\/www.prouvy.be\/index.php?rest_route=\/wp\/v2\/pages"}],"about":[{"href":"https:\/\/www.prouvy.be\/index.php?rest_route=\/wp\/v2\/types\/page"}],"author":[{"embeddable":true,"href":"https:\/\/www.prouvy.be\/index.php?rest_route=\/wp\/v2\/users\/1"}],"replies":[{"embeddable":true,"href":"https:\/\/www.prouvy.be\/index.php?rest_route=%2Fwp%2Fv2%2Fcomments&post=1306"}],"version-history":[{"count":1,"href":"https:\/\/www.prouvy.be\/index.php?rest_route=\/wp\/v2\/pages\/1306\/revisions"}],"predecessor-version":[{"id":1339,"href":"https:\/\/www.prouvy.be\/index.php?rest_route=\/wp\/v2\/pages\/1306\/revisions\/1339"}],"up":[{"embeddable":true,"href":"https:\/\/www.prouvy.be\/index.php?rest_route=\/wp\/v2\/pages\/1303"}],"wp:featuredmedia":[{"embeddable":true,"href":"https:\/\/www.prouvy.be\/index.php?rest_route=\/wp\/v2\/media\/1342"}],"wp:attachment":[{"href":"https:\/\/www.prouvy.be\/index.php?rest_route=%2Fwp%2Fv2%2Fmedia&parent=1306"}],"curies":[{"name":"wp","href":"https:\/\/api.w.org\/{rel}","templated":true}]}}