{"id":1138,"date":"2014-09-04T21:27:16","date_gmt":"2014-09-04T19:27:16","guid":{"rendered":"http:\/\/new.prouvy.be\/?page_id=1138"},"modified":"2014-09-04T21:31:57","modified_gmt":"2014-09-04T19:31:57","slug":"plantation-de-poiriers-en-espalier","status":"publish","type":"page","link":"https:\/\/www.prouvy.be\/?page_id=1138","title":{"rendered":"Plantation de poiriers en espalier"},"content":{"rendered":"<div id=\"fb-root\"><\/div>\n<p style=\"color: #000000;\">Pr\u00e9ambule:<\/p>\n<p style=\"color: #000000;\">Un proverbe chinois reconna\u00eet l\u2019Homme accompli \u00e0 ces 3 conditions : \u201cil doit avoir au cours de sa vie plant\u00e9 un arbre, \u00e9crit un livre et donn\u00e9 la vie.\u201d<\/p>\n<p style=\"color: #000000;\">Ci-dessous, quelques photos de la journ\u00e9e plantation.<\/p>\n<p style=\"color: #000000;\"><!-- index.php -->\n<div\n\tclass=\"ngg-galleryoverview\n\t ngg-ajax-pagination-none\t\"\n\tid=\"ngg-gallery-e18b062cb1c82aea7c74fa00b4357e92-1\">\n\n\t\t<div class=\"slideshowlink\">\n\t\t<a href='https:\/\/www.prouvy.be\/index.php\/nggallery\/slideshow?page_id=1138'>[Show slideshow]<\/a>\n\n\t<\/div>\n\t\t\t<!-- Thumbnails -->\n\t\t\t\t<div id=\"ngg-image-0\" class=\"ngg-gallery-thumbnail-box\"\n\t\t\t\t\t\t\t\t\t\t\t>\n\t\t\t\t\t\t<div class=\"ngg-gallery-thumbnail\">\n\t\t\t<a href=\"https:\/\/www.prouvy.be\/wp-content\/gallery\/plantation-de-poiriers-en-espalier\/poiriers_2006_01.jpg\"\n\t\t\t\ttitle=\"\"\n\t\t\t\tdata-src=\"https:\/\/www.prouvy.be\/wp-content\/gallery\/plantation-de-poiriers-en-espalier\/poiriers_2006_01.jpg\"\n\t\t\t\tdata-thumbnail=\"https:\/\/www.prouvy.be\/wp-content\/gallery\/plantation-de-poiriers-en-espalier\/thumbs\/thumbs_poiriers_2006_01.jpg\"\n\t\t\t\tdata-image-id=\"336\"\n\t\t\t\tdata-title=\"poiriers_2006_01\"\n\t\t\t\tdata-description=\"\"\n\t\t\t\tdata-image-slug=\"poiriers_2006_01\"\n\t\t\t\tclass=\"ngg-fancybox\" rel=\"e18b062cb1c82aea7c74fa00b4357e92\">\n\t\t\t\t<img\n\t\t\t\t\ttitle=\"poiriers_2006_01\"\n\t\t\t\t\talt=\"poiriers_2006_01\"\n\t\t\t\t\tsrc=\"https:\/\/www.prouvy.be\/wp-content\/gallery\/plantation-de-poiriers-en-espalier\/thumbs\/thumbs_poiriers_2006_01.jpg\"\n\t\t\t\t\twidth=\"120\"\n\t\t\t\t\theight=\"90\"\n\t\t\t\t\tstyle=\"max-width:100%;\"\n\t\t\t\t\/>\n\t\t\t<\/a>\n\t\t<\/div>\n\t\t\t\t\t\t\t<\/div>\n\t\t\t\n\t\t\n\t\t\t\t<div id=\"ngg-image-1\" class=\"ngg-gallery-thumbnail-box\"\n\t\t\t\t\t\t\t\t\t\t\t>\n\t\t\t\t\t\t<div class=\"ngg-gallery-thumbnail\">\n\t\t\t<a href=\"https:\/\/www.prouvy.be\/wp-content\/gallery\/plantation-de-poiriers-en-espalier\/poiriers_2006_03.jpg\"\n\t\t\t\ttitle=\" \"\n\t\t\t\tdata-src=\"https:\/\/www.prouvy.be\/wp-content\/gallery\/plantation-de-poiriers-en-espalier\/poiriers_2006_03.jpg\"\n\t\t\t\tdata-thumbnail=\"https:\/\/www.prouvy.be\/wp-content\/gallery\/plantation-de-poiriers-en-espalier\/thumbs\/thumbs_poiriers_2006_03.jpg\"\n\t\t\t\tdata-image-id=\"337\"\n\t\t\t\tdata-title=\"poiriers_2006_03\"\n\t\t\t\tdata-description=\" \"\n\t\t\t\tdata-image-slug=\"poiriers_2006_03\"\n\t\t\t\tclass=\"ngg-fancybox\" rel=\"e18b062cb1c82aea7c74fa00b4357e92\">\n\t\t\t\t<img\n\t\t\t\t\ttitle=\"poiriers_2006_03\"\n\t\t\t\t\talt=\"poiriers_2006_03\"\n\t\t\t\t\tsrc=\"https:\/\/www.prouvy.be\/wp-content\/gallery\/plantation-de-poiriers-en-espalier\/thumbs\/thumbs_poiriers_2006_03.jpg\"\n\t\t\t\t\twidth=\"120\"\n\t\t\t\t\theight=\"90\"\n\t\t\t\t\tstyle=\"max-width:100%;\"\n\t\t\t\t\/>\n\t\t\t<\/a>\n\t\t<\/div>\n\t\t\t\t\t\t\t<\/div>\n\t\t\t\n\t\t\n\t\t\t\t<div id=\"ngg-image-2\" class=\"ngg-gallery-thumbnail-box\"\n\t\t\t\t\t\t\t\t\t\t\t>\n\t\t\t\t\t\t<div class=\"ngg-gallery-thumbnail\">\n\t\t\t<a href=\"https:\/\/www.prouvy.be\/wp-content\/gallery\/plantation-de-poiriers-en-espalier\/poiriers_2006_04.jpg\"\n\t\t\t\ttitle=\" \"\n\t\t\t\tdata-src=\"https:\/\/www.prouvy.be\/wp-content\/gallery\/plantation-de-poiriers-en-espalier\/poiriers_2006_04.jpg\"\n\t\t\t\tdata-thumbnail=\"https:\/\/www.prouvy.be\/wp-content\/gallery\/plantation-de-poiriers-en-espalier\/thumbs\/thumbs_poiriers_2006_04.jpg\"\n\t\t\t\tdata-image-id=\"338\"\n\t\t\t\tdata-title=\"poiriers_2006_04\"\n\t\t\t\tdata-description=\" \"\n\t\t\t\tdata-image-slug=\"poiriers_2006_04\"\n\t\t\t\tclass=\"ngg-fancybox\" rel=\"e18b062cb1c82aea7c74fa00b4357e92\">\n\t\t\t\t<img\n\t\t\t\t\ttitle=\"poiriers_2006_04\"\n\t\t\t\t\talt=\"poiriers_2006_04\"\n\t\t\t\t\tsrc=\"https:\/\/www.prouvy.be\/wp-content\/gallery\/plantation-de-poiriers-en-espalier\/thumbs\/thumbs_poiriers_2006_04.jpg\"\n\t\t\t\t\twidth=\"120\"\n\t\t\t\t\theight=\"90\"\n\t\t\t\t\tstyle=\"max-width:100%;\"\n\t\t\t\t\/>\n\t\t\t<\/a>\n\t\t<\/div>\n\t\t\t\t\t\t\t<\/div>\n\t\t\t\n\t\t\n\t\t\t\t<div id=\"ngg-image-3\" class=\"ngg-gallery-thumbnail-box\"\n\t\t\t\t\t\t\t\t\t\t\t>\n\t\t\t\t\t\t<div class=\"ngg-gallery-thumbnail\">\n\t\t\t<a href=\"https:\/\/www.prouvy.be\/wp-content\/gallery\/plantation-de-poiriers-en-espalier\/poiriers_2006_05.jpg\"\n\t\t\t\ttitle=\" \"\n\t\t\t\tdata-src=\"https:\/\/www.prouvy.be\/wp-content\/gallery\/plantation-de-poiriers-en-espalier\/poiriers_2006_05.jpg\"\n\t\t\t\tdata-thumbnail=\"https:\/\/www.prouvy.be\/wp-content\/gallery\/plantation-de-poiriers-en-espalier\/thumbs\/thumbs_poiriers_2006_05.jpg\"\n\t\t\t\tdata-image-id=\"339\"\n\t\t\t\tdata-title=\"poiriers_2006_05\"\n\t\t\t\tdata-description=\" \"\n\t\t\t\tdata-image-slug=\"poiriers_2006_05\"\n\t\t\t\tclass=\"ngg-fancybox\" rel=\"e18b062cb1c82aea7c74fa00b4357e92\">\n\t\t\t\t<img\n\t\t\t\t\ttitle=\"poiriers_2006_05\"\n\t\t\t\t\talt=\"poiriers_2006_05\"\n\t\t\t\t\tsrc=\"https:\/\/www.prouvy.be\/wp-content\/gallery\/plantation-de-poiriers-en-espalier\/thumbs\/thumbs_poiriers_2006_05.jpg\"\n\t\t\t\t\twidth=\"120\"\n\t\t\t\t\theight=\"90\"\n\t\t\t\t\tstyle=\"max-width:100%;\"\n\t\t\t\t\/>\n\t\t\t<\/a>\n\t\t<\/div>\n\t\t\t\t\t\t\t<\/div>\n\t\t\t\n\t\t\n\t\t\t\t<div id=\"ngg-image-4\" class=\"ngg-gallery-thumbnail-box\"\n\t\t\t\t\t\t\t\t\t\t\t>\n\t\t\t\t\t\t<div class=\"ngg-gallery-thumbnail\">\n\t\t\t<a href=\"https:\/\/www.prouvy.be\/wp-content\/gallery\/plantation-de-poiriers-en-espalier\/poiriers_2006_06.jpg\"\n\t\t\t\ttitle=\" \"\n\t\t\t\tdata-src=\"https:\/\/www.prouvy.be\/wp-content\/gallery\/plantation-de-poiriers-en-espalier\/poiriers_2006_06.jpg\"\n\t\t\t\tdata-thumbnail=\"https:\/\/www.prouvy.be\/wp-content\/gallery\/plantation-de-poiriers-en-espalier\/thumbs\/thumbs_poiriers_2006_06.jpg\"\n\t\t\t\tdata-image-id=\"340\"\n\t\t\t\tdata-title=\"poiriers_2006_06\"\n\t\t\t\tdata-description=\" \"\n\t\t\t\tdata-image-slug=\"poiriers_2006_06\"\n\t\t\t\tclass=\"ngg-fancybox\" rel=\"e18b062cb1c82aea7c74fa00b4357e92\">\n\t\t\t\t<img\n\t\t\t\t\ttitle=\"poiriers_2006_06\"\n\t\t\t\t\talt=\"poiriers_2006_06\"\n\t\t\t\t\tsrc=\"https:\/\/www.prouvy.be\/wp-content\/gallery\/plantation-de-poiriers-en-espalier\/thumbs\/thumbs_poiriers_2006_06.jpg\"\n\t\t\t\t\twidth=\"120\"\n\t\t\t\t\theight=\"90\"\n\t\t\t\t\tstyle=\"max-width:100%;\"\n\t\t\t\t\/>\n\t\t\t<\/a>\n\t\t<\/div>\n\t\t\t\t\t\t\t<\/div>\n\t\t\t\n\t\t\n\t\t\t\t<div id=\"ngg-image-5\" class=\"ngg-gallery-thumbnail-box\"\n\t\t\t\t\t\t\t\t\t\t\t>\n\t\t\t\t\t\t<div class=\"ngg-gallery-thumbnail\">\n\t\t\t<a href=\"https:\/\/www.prouvy.be\/wp-content\/gallery\/plantation-de-poiriers-en-espalier\/poiriers_2006_07.jpg\"\n\t\t\t\ttitle=\" \"\n\t\t\t\tdata-src=\"https:\/\/www.prouvy.be\/wp-content\/gallery\/plantation-de-poiriers-en-espalier\/poiriers_2006_07.jpg\"\n\t\t\t\tdata-thumbnail=\"https:\/\/www.prouvy.be\/wp-content\/gallery\/plantation-de-poiriers-en-espalier\/thumbs\/thumbs_poiriers_2006_07.jpg\"\n\t\t\t\tdata-image-id=\"341\"\n\t\t\t\tdata-title=\"poiriers_2006_07\"\n\t\t\t\tdata-description=\" \"\n\t\t\t\tdata-image-slug=\"poiriers_2006_07\"\n\t\t\t\tclass=\"ngg-fancybox\" rel=\"e18b062cb1c82aea7c74fa00b4357e92\">\n\t\t\t\t<img\n\t\t\t\t\ttitle=\"poiriers_2006_07\"\n\t\t\t\t\talt=\"poiriers_2006_07\"\n\t\t\t\t\tsrc=\"https:\/\/www.prouvy.be\/wp-content\/gallery\/plantation-de-poiriers-en-espalier\/thumbs\/thumbs_poiriers_2006_07.jpg\"\n\t\t\t\t\twidth=\"120\"\n\t\t\t\t\theight=\"90\"\n\t\t\t\t\tstyle=\"max-width:100%;\"\n\t\t\t\t\/>\n\t\t\t<\/a>\n\t\t<\/div>\n\t\t\t\t\t\t\t<\/div>\n\t\t\t\n\t\t\n\t\t\t\t<div id=\"ngg-image-6\" class=\"ngg-gallery-thumbnail-box\"\n\t\t\t\t\t\t\t\t\t\t\t>\n\t\t\t\t\t\t<div class=\"ngg-gallery-thumbnail\">\n\t\t\t<a href=\"https:\/\/www.prouvy.be\/wp-content\/gallery\/plantation-de-poiriers-en-espalier\/poiriers_2006_08.jpg\"\n\t\t\t\ttitle=\" \"\n\t\t\t\tdata-src=\"https:\/\/www.prouvy.be\/wp-content\/gallery\/plantation-de-poiriers-en-espalier\/poiriers_2006_08.jpg\"\n\t\t\t\tdata-thumbnail=\"https:\/\/www.prouvy.be\/wp-content\/gallery\/plantation-de-poiriers-en-espalier\/thumbs\/thumbs_poiriers_2006_08.jpg\"\n\t\t\t\tdata-image-id=\"342\"\n\t\t\t\tdata-title=\"poiriers_2006_08\"\n\t\t\t\tdata-description=\" \"\n\t\t\t\tdata-image-slug=\"poiriers_2006_08\"\n\t\t\t\tclass=\"ngg-fancybox\" rel=\"e18b062cb1c82aea7c74fa00b4357e92\">\n\t\t\t\t<img\n\t\t\t\t\ttitle=\"poiriers_2006_08\"\n\t\t\t\t\talt=\"poiriers_2006_08\"\n\t\t\t\t\tsrc=\"https:\/\/www.prouvy.be\/wp-content\/gallery\/plantation-de-poiriers-en-espalier\/thumbs\/thumbs_poiriers_2006_08.jpg\"\n\t\t\t\t\twidth=\"120\"\n\t\t\t\t\theight=\"90\"\n\t\t\t\t\tstyle=\"max-width:100%;\"\n\t\t\t\t\/>\n\t\t\t<\/a>\n\t\t<\/div>\n\t\t\t\t\t\t\t<\/div>\n\t\t\t\n\t\t\n\t\t\n\t\t<!-- Pagination -->\n\t\t<div class='ngg-clear'><\/div>\t<\/div>\n<\/p>\n","protected":false},"excerpt":{"rendered":"<p>Pr\u00e9ambule: Un proverbe chinois reconna\u00eet l\u2019Homme accompli \u00e0 ces 3 conditions : \u201cil doit avoir au cours de sa vie plant\u00e9 un arbre, \u00e9crit un livre et donn\u00e9 la vie.\u201d Ci-dessous, quelques photos de la journ\u00e9e plantation. [Show slideshow]<\/p>\n","protected":false},"author":1,"featured_media":1162,"parent":1136,"menu_order":0,"comment_status":"open","ping_status":"open","template":"","meta":{"ngg_post_thumbnail":0,"footnotes":""},"class_list":["post-1138","page","type-page","status-publish","has-post-thumbnail","hentry"],"post_mailing_queue_ids":[],"_links":{"self":[{"href":"https:\/\/www.prouvy.be\/index.php?rest_route=\/wp\/v2\/pages\/1138","targetHints":{"allow":["GET"]}}],"collection":[{"href":"https:\/\/www.prouvy.be\/index.php?rest_route=\/wp\/v2\/pages"}],"about":[{"href":"https:\/\/www.prouvy.be\/index.php?rest_route=\/wp\/v2\/types\/page"}],"author":[{"embeddable":true,"href":"https:\/\/www.prouvy.be\/index.php?rest_route=\/wp\/v2\/users\/1"}],"replies":[{"embeddable":true,"href":"https:\/\/www.prouvy.be\/index.php?rest_route=%2Fwp%2Fv2%2Fcomments&post=1138"}],"version-history":[{"count":1,"href":"https:\/\/www.prouvy.be\/index.php?rest_route=\/wp\/v2\/pages\/1138\/revisions"}],"predecessor-version":[{"id":1159,"href":"https:\/\/www.prouvy.be\/index.php?rest_route=\/wp\/v2\/pages\/1138\/revisions\/1159"}],"up":[{"embeddable":true,"href":"https:\/\/www.prouvy.be\/index.php?rest_route=\/wp\/v2\/pages\/1136"}],"wp:featuredmedia":[{"embeddable":true,"href":"https:\/\/www.prouvy.be\/index.php?rest_route=\/wp\/v2\/media\/1162"}],"wp:attachment":[{"href":"https:\/\/www.prouvy.be\/index.php?rest_route=%2Fwp%2Fv2%2Fmedia&parent=1138"}],"curies":[{"name":"wp","href":"https:\/\/api.w.org\/{rel}","templated":true}]}}